CRAN Package Check Results for Package fcl

Last updated on 2024-06-18 05:57:36 CEST.

Flavor Version Tinstall Tcheck Ttotal Status Flags
r-devel-linux-x86_64-debian-clang 0.1.0 84.13 25.94 110.07 NOTE
r-devel-linux-x86_64-debian-gcc 0.1.0 60.65 19.92 80.57 NOTE
r-devel-linux-x86_64-fedora-clang 0.1.0 161.08 NOTE
r-devel-linux-x86_64-fedora-gcc 0.1.0 154.56 NOTE
r-devel-windows-x86_64 0.1.0 98.00 58.00 156.00 NOTE
r-patched-linux-x86_64 0.1.0 84.24 25.37 109.61 OK
r-release-linux-x86_64 0.1.0 83.75 24.00 107.75 OK
r-release-macos-arm64 0.1.0 55.00 NOTE
r-release-macos-x86_64 0.1.0 58.00 NOTE
r-release-windows-x86_64 0.1.0 97.00 66.00 163.00 OK
r-oldrel-macos-arm64 0.1.0 52.00 NOTE
r-oldrel-macos-x86_64 0.1.0 77.00 NOTE
r-oldrel-windows-x86_64 0.1.0 114.00 69.00 183.00 OK

Check Details

Version: 0.1.0
Check: compiled code
Result: NOTE File ‘fcl/libs/fcl.so’: Found non-API calls to R: ‘SET_ENCLOS’, ‘SET_ENVFLAGS’, ‘SET_PRCODE’, ‘SET_PRENV’, ‘SET_PRVALUE’ Compiled code should not call non-API entry points in R. See ‘Writing portable packages’ in the ‘Writing R Extensions’ manual. Flavor: r-devel-linux-x86_64-debian-clang

Version: 0.1.0
Check: compiled code
Result: NOTE File ‘fcl/libs/fcl.so’: Found non-API calls to R: ‘ENVFLAGS’, ‘FRAME’, ‘HASHTAB’, ‘PRSEEN’, ‘SET_ENCLOS’, ‘SET_ENVFLAGS’, ‘SET_PRCODE’, ‘SET_PRENV’, ‘SET_PRVALUE’, ‘SYMVALUE’ Compiled code should not call non-API entry points in R. See ‘Writing portable packages’ in the ‘Writing R Extensions’ manual. Flavors: r-devel-linux-x86_64-debian-gcc, r-devel-linux-x86_64-fedora-clang, r-devel-linux-x86_64-fedora-gcc

Version: 0.1.0
Check: compiled code
Result: NOTE File 'fcl/libs/x64/fcl.dll': Found non-API calls to R: 'ENVFLAGS', 'FRAME', 'HASHTAB', 'PRSEEN', 'SET_ENCLOS', 'SET_ENVFLAGS', 'SET_PRCODE', 'SET_PRENV', 'SET_PRVALUE', 'SYMVALUE' Compiled code should not call non-API entry points in R. See 'Writing portable packages' in the 'Writing R Extensions' manual. Flavor: r-devel-windows-x86_64

Version: 0.1.0
Check: installed package size
Result: NOTE installed size is 7.7Mb sub-directories of 1Mb or more: libs 7.6Mb Flavors: r-release-macos-arm64, r-release-macos-x86_64, r-oldrel-macos-arm64, r-oldrel-macos-x86_64