CRAN Package Check Results for Package fclust

Last updated on 2019-08-22 05:46:59 CEST.

Flavor Version Tinstall Tcheck Ttotal Status Flags
r-devel-linux-x86_64-debian-clang 2.1 129.08 63.81 192.89 OK
r-devel-linux-x86_64-debian-gcc 2.1 107.19 48.95 156.14 OK
r-devel-linux-x86_64-fedora-clang 2.1 289.42 NOTE
r-devel-linux-x86_64-fedora-gcc 2.1 291.83 OK
r-devel-windows-ix86+x86_64 2.1 275.00 149.00 424.00 OK
r-patched-linux-x86_64 2.1 113.97 63.31 177.28 OK
r-patched-solaris-x86 2.1 265.70 OK
r-release-linux-x86_64 2.1 121.02 63.20 184.22 OK
r-release-windows-ix86+x86_64 2.1 297.00 155.00 452.00 OK
r-release-osx-x86_64 2.1 NOTE
r-oldrel-windows-ix86+x86_64 2.1 276.00 135.00 411.00 OK
r-oldrel-osx-x86_64 2.1 NOTE

Check Details

Version: 2.1
Check: installed package size
Result: NOTE
     installed size is 10.7Mb
     sub-directories of 1Mb or more:
     libs 10.1Mb
Flavors: r-devel-linux-x86_64-fedora-clang, r-release-osx-x86_64, r-oldrel-osx-x86_64