CRAN Package Check Results for Package fda

Last updated on 2019-07-16 05:48:12 CEST.

Flavor Version Tinstall Tcheck Ttotal Status Flags
r-devel-linux-x86_64-debian-clang 2.4.8 26.60 180.41 207.01 NOTE
r-devel-linux-x86_64-debian-gcc 2.4.8 21.35 140.37 161.72 NOTE
r-devel-linux-x86_64-fedora-clang 2.4.8 261.06 NOTE
r-devel-linux-x86_64-fedora-gcc 2.4.8 260.96 NOTE
r-devel-windows-ix86+x86_64 2.4.8 58.00 264.00 322.00 OK
r-patched-linux-x86_64 2.4.8 27.51 182.41 209.92 OK
r-patched-solaris-x86 2.4.8 324.70 OK
r-release-linux-x86_64 2.4.8 26.67 180.57 207.24 OK
r-release-windows-ix86+x86_64 2.4.8 41.00 268.00 309.00 OK
r-release-osx-x86_64 2.4.8 OK
r-oldrel-windows-ix86+x86_64 2.4.8 47.00 186.00 233.00 OK
r-oldrel-osx-x86_64 2.4.8 OK

Check Details

Version: 2.4.8
Check: for non-standard things in the check directory
Result: NOTE
    Found the following files/directories:
     'fdaMatlabPath.m'
Flavors: r-devel-linux-x86_64-debian-clang, r-devel-linux-x86_64-debian-gcc, r-devel-linux-x86_64-fedora-clang, r-devel-linux-x86_64-fedora-gcc