CRAN Package Check Results for Package fdasrvf

Last updated on 2019-09-21 05:47:53 CEST.

Flavor Version Tinstall Tcheck Ttotal Status Flags
r-devel-linux-x86_64-debian-clang 1.9.2 403.49 156.54 560.03 OK
r-devel-linux-x86_64-debian-gcc 1.9.2 308.03 119.51 427.54 OK
r-devel-linux-x86_64-fedora-clang 1.9.2 898.60 NOTE
r-devel-linux-x86_64-fedora-gcc 1.9.2 779.02 OK
r-devel-windows-ix86+x86_64 1.9.2 1451.00 374.00 1825.00 NOTE
r-patched-linux-x86_64 1.9.2 332.40 153.03 485.43 OK
r-patched-solaris-x86 1.9.2 766.50 OK
r-release-linux-x86_64 1.9.2 329.65 154.53 484.18 OK
r-release-windows-ix86+x86_64 1.9.2 1028.00 248.00 1276.00 NOTE
r-release-osx-x86_64 1.9.2 NOTE
r-oldrel-windows-ix86+x86_64 1.9.2 918.00 354.00 1272.00 NOTE
r-oldrel-osx-x86_64 1.9.2 NOTE

Additional issues

LTO

Check Details

Version: 1.9.2
Check: installed package size
Result: NOTE
     installed size is 10.8Mb
     sub-directories of 1Mb or more:
     data 2.3Mb
     libs 7.9Mb
Flavors: r-devel-linux-x86_64-fedora-clang, r-devel-windows-ix86+x86_64, r-release-windows-ix86+x86_64, r-release-osx-x86_64, r-oldrel-windows-ix86+x86_64, r-oldrel-osx-x86_64