CRAN Package Check Results for Package fdasrvf

Last updated on 2019-06-26 06:47:24 CEST.

Flavor Version Tinstall Tcheck Ttotal Status Flags
r-devel-linux-x86_64-debian-clang 1.8.3 390.06 144.12 534.18 OK
r-devel-linux-x86_64-debian-gcc 1.8.3 266.83 108.25 375.08 WARN
r-devel-linux-x86_64-fedora-clang 1.8.3 832.09 NOTE
r-devel-linux-x86_64-fedora-gcc 1.8.3 675.36 WARN
r-devel-windows-ix86+x86_64 1.8.3 1323.00 259.00 1582.00 NOTE
r-patched-linux-x86_64 1.8.3 324.83 141.84 466.67 WARN
r-patched-solaris-x86 1.8.3 677.90 NOTE
r-release-linux-x86_64 1.8.3 337.22 141.33 478.55 WARN
r-release-windows-ix86+x86_64 1.8.3 979.00 267.00 1246.00 NOTE
r-release-osx-x86_64 1.8.3 NOTE
r-oldrel-windows-ix86+x86_64 1.8.3 882.00 331.00 1213.00 NOTE
r-oldrel-osx-x86_64 1.8.3 NOTE

Check Details

Version: 1.8.3
Check: whether package can be installed
Result: WARN
    Found the following significant warnings:
     gropt/src/SmartSpace.cpp:142:24: warning: catching polymorphic type ‘class std::bad_alloc’ by value [-Wcatch-value=]
Flavors: r-devel-linux-x86_64-debian-gcc, r-devel-linux-x86_64-fedora-gcc, r-patched-linux-x86_64, r-release-linux-x86_64

Version: 1.8.3
Check: installed package size
Result: NOTE
     installed size is 9.4Mb
     sub-directories of 1Mb or more:
     data 2.3Mb
     libs 6.6Mb
Flavors: r-devel-linux-x86_64-fedora-clang, r-devel-windows-ix86+x86_64, r-release-windows-ix86+x86_64, r-release-osx-x86_64, r-oldrel-windows-ix86+x86_64, r-oldrel-osx-x86_64

Version: 1.8.3
Check: dependencies in R code
Result: NOTE
    Namespace in Imports field not imported from: ‘testthat’
     All declared Imports should be used.
Flavors: r-devel-linux-x86_64-fedora-clang, r-devel-linux-x86_64-fedora-gcc, r-patched-solaris-x86, r-release-osx-x86_64, r-oldrel-osx-x86_64