CRAN Package Check Results for Package fdistr

Last updated on 2021-12-06 05:53:09 CET.

Flavor Version Tinstall Tcheck Ttotal Status Flags
r-devel-linux-x86_64-debian-clang 0.1.0 4.53 56.34 60.87 OK
r-devel-linux-x86_64-debian-gcc 0.1.0 3.72 42.28 46.00 OK
r-devel-linux-x86_64-fedora-clang 0.1.0 73.14 NOTE
r-devel-linux-x86_64-fedora-gcc 0.1.0 60.32 NOTE
r-devel-windows-x86_64-new-UL 0.1.0 12.00 86.00 98.00 OK
r-devel-windows-x86_64-new-TK 0.1.0 NOTE
r-devel-windows-x86_64-old 0.1.0 9.00 54.00 63.00 OK
r-patched-linux-x86_64 0.1.0 4.52 45.30 49.82 OK
r-release-linux-x86_64 0.1.0 4.66 52.18 56.84 OK
r-release-macos-arm64 0.1.0 NOTE
r-release-macos-x86_64 0.1.0 NOTE
r-release-windows-ix86+x86_64 0.1.0 13.00 65.00 78.00 OK
r-oldrel-macos-x86_64 0.1.0 NOTE
r-oldrel-windows-ix86+x86_64 0.1.0 13.00 65.00 78.00 OK

Check Details

Version: 0.1.0
Check: dependencies in R code
Result: NOTE
    Namespaces in Imports field not imported from:
     ‘usethis’ ‘utils’
     All declared Imports should be used.
Flavors: r-devel-linux-x86_64-fedora-clang, r-devel-linux-x86_64-fedora-gcc, r-devel-windows-x86_64-new-TK, r-release-macos-arm64, r-release-macos-x86_64, r-oldrel-macos-x86_64

Version: 0.1.0
Check: data for non-ASCII characters
Result: NOTE
     Note: found 1 marked Latin-1 string
Flavors: r-devel-linux-x86_64-fedora-clang, r-devel-linux-x86_64-fedora-gcc, r-devel-windows-x86_64-new-TK, r-release-macos-arm64, r-release-macos-x86_64, r-oldrel-macos-x86_64