CRAN Package Check Results for Package ffbase

Last updated on 2020-01-26 05:47:13 CET.

Flavor Version Tinstall Tcheck Ttotal Status Flags
r-devel-linux-x86_64-debian-clang 0.12.7 7.69 62.85 70.54 OK
r-devel-linux-x86_64-debian-gcc 0.12.7 5.75 47.86 53.61 OK
r-devel-linux-x86_64-fedora-clang 0.12.7 85.08 WARN
r-devel-linux-x86_64-fedora-gcc 0.12.7 88.10 OK
r-devel-windows-ix86+x86_64 0.12.7 26.00 160.00 186.00 OK
r-devel-windows-ix86+x86_64-gcc8 0.12.7 25.00 132.00 157.00 OK
r-patched-linux-x86_64 0.12.7 7.24 56.32 63.56 OK
r-patched-solaris-x86 0.12.7 106.60 OK
r-release-linux-x86_64 0.12.7 6.21 56.91 63.12 OK
r-release-windows-ix86+x86_64 0.12.7 17.00 110.00 127.00 OK
r-release-osx-x86_64 0.12.7 OK
r-oldrel-windows-ix86+x86_64 0.12.7 21.00 101.00 122.00 OK
r-oldrel-osx-x86_64 0.12.7 OK

Check Details

Version: 0.12.7
Check: package dependencies
Result: WARN
    Requires orphaned package: ‘bit’
Flavor: r-devel-linux-x86_64-fedora-clang