CRAN Package Check Results for Package ffmetadata

Last updated on 2022-05-28 05:53:07 CEST.

Flavor Version Tinstall Tcheck Ttotal Status Flags
r-devel-linux-x86_64-debian-clang 1.0.0 2.04 33.92 35.96 NOTE
r-devel-linux-x86_64-debian-gcc 1.0.0 1.36 26.48 27.84 NOTE
r-devel-linux-x86_64-fedora-clang 1.0.0 44.17 NOTE
r-devel-linux-x86_64-fedora-gcc 1.0.0 42.72 NOTE
r-devel-windows-x86_64 1.0.0 10.00 56.00 66.00 NOTE
r-patched-linux-x86_64 1.0.0 1.89 32.87 34.76 NOTE
r-release-linux-x86_64 1.0.0 1.72 33.10 34.82 NOTE
r-release-macos-arm64 1.0.0 23.00 NOTE
r-release-macos-x86_64 1.0.0 27.00 NOTE
r-release-windows-x86_64 1.0.0 14.00 59.00 73.00 NOTE
r-oldrel-macos-arm64 1.0.0 28.00 NOTE
r-oldrel-macos-x86_64 1.0.0 33.00 NOTE
r-oldrel-windows-ix86+x86_64 1.0.0 5.00 48.00 53.00 NOTE

Check Details

Version: 1.0.0
Check: LazyData
Result: NOTE
     'LazyData' is specified without a 'data' directory
Flavors: r-devel-linux-x86_64-debian-clang, r-devel-linux-x86_64-debian-gcc, r-devel-linux-x86_64-fedora-clang, r-devel-linux-x86_64-fedora-gcc, r-devel-windows-x86_64, r-patched-linux-x86_64, r-release-linux-x86_64, r-release-macos-arm64, r-release-macos-x86_64, r-release-windows-x86_64, r-oldrel-macos-arm64, r-oldrel-macos-x86_64, r-oldrel-windows-ix86+x86_64