CRAN Package Check Results for Package ffstream

Last updated on 2022-08-16 05:53:59 CEST.

Flavor Version Tinstall Tcheck Ttotal Status Flags
r-devel-linux-x86_64-debian-clang 0.1.6 120.69 82.14 202.83 NOTE
r-devel-linux-x86_64-debian-gcc 0.1.6 99.61 62.32 161.93 NOTE
r-devel-linux-x86_64-fedora-clang 0.1.6 303.66 NOTE
r-devel-linux-x86_64-fedora-gcc 0.1.6 276.53 NOTE
r-devel-windows-x86_64 0.1.6 343.00 137.00 480.00 NOTE
r-patched-linux-x86_64 0.1.6 106.38 76.18 182.56 NOTE
r-release-linux-x86_64 0.1.6 106.04 77.43 183.47 NOTE
r-release-macos-arm64 0.1.6 67.00 NOTE
r-release-macos-x86_64 0.1.6 90.00 NOTE
r-release-windows-x86_64 0.1.6 162.00 135.00 297.00 NOTE
r-oldrel-macos-arm64 0.1.6 74.00 NOTE
r-oldrel-macos-x86_64 0.1.6 112.00 NOTE
r-oldrel-windows-ix86+x86_64 0.1.6 294.00 138.00 432.00 NOTE

Check Details

Version: 0.1.6
Check: LazyData
Result: NOTE
     'LazyData' is specified without a 'data' directory
Flavors: r-devel-linux-x86_64-debian-clang, r-devel-linux-x86_64-debian-gcc, r-devel-linux-x86_64-fedora-clang, r-devel-linux-x86_64-fedora-gcc, r-devel-windows-x86_64, r-patched-linux-x86_64, r-release-linux-x86_64, r-release-macos-arm64, r-release-macos-x86_64, r-release-windows-x86_64, r-oldrel-macos-arm64, r-oldrel-macos-x86_64, r-oldrel-windows-ix86+x86_64

Version: 0.1.6
Check: installed package size
Result: NOTE
     installed size is 8.6Mb
     sub-directories of 1Mb or more:
     libs 8.2Mb
Flavors: r-release-macos-arm64, r-release-macos-x86_64, r-oldrel-macos-arm64, r-oldrel-macos-x86_64