CRAN Package Check Results for Package fgeo.analyze

Last updated on 2020-02-27 05:48:46 CET.

Flavor Version Tinstall Tcheck Ttotal Status Flags
r-devel-linux-x86_64-debian-clang 1.1.11 6.20 96.37 102.57 ERROR
r-devel-linux-x86_64-debian-gcc 1.1.11 5.23 74.88 80.11 ERROR
r-devel-linux-x86_64-fedora-clang 1.1.11 127.63 OK
r-devel-linux-x86_64-fedora-gcc 1.1.11 114.24 OK
r-devel-windows-ix86+x86_64 1.1.11 11.00 99.00 110.00 OK
r-devel-windows-ix86+x86_64-gcc8 1.1.11 13.00 111.00 124.00 OK
r-patched-linux-x86_64 1.1.11 5.96 86.25 92.21 OK
r-patched-solaris-x86 1.1.11 145.90 OK
r-release-linux-x86_64 1.1.11 4.24 84.54 88.78 OK
r-release-windows-ix86+x86_64 1.1.11 11.00 94.00 105.00 OK
r-release-osx-x86_64 1.1.11 OK
r-oldrel-windows-ix86+x86_64 1.1.11 7.00 105.00 112.00 OK
r-oldrel-osx-x86_64 1.1.11 OK

Check Details

Version: 1.1.11
Check: tests
Result: ERROR
     Running 'spelling.R' [0s/1s]
     Running 'testthat.R' [41s/46s]
    Running the tests in 'tests/testthat.R' failed.
    Complete output:
     > library(testthat)
     > library(fgeo.analyze)
     >
     > test_check("fgeo.analyze")
     -- 1. Failure: as.data.frame.tt_lst takes arguments via `...` (@test-as_tibble.R
     as.data.frame(tt_lst)[["sp"]] inherits from `character` not `factor`.
    
     -- 2. Failure: as.data.frame.demography_ctfs takes arguments via `...` (@test-as
     as.data.frame(result)[["groups"]] inherits from `character` not `factor`.
    
     $N2
     [1] 29
    
     $R
     [1] 3
    
     $rate
     [1] 0.02413113
    
     $lower
     [1] 0.0084585
    
     $upper
     [1] 0.06812388
    
     $time
     [1] 4.525246
    
     $date1
     [1] 18937.96
    
     $date2
     [1] 20600.72
    
     == testthat results ===========================================================
     [ OK: 305 | SKIPPED: 14 | WARNINGS: 0 | FAILED: 2 ]
     1. Failure: as.data.frame.tt_lst takes arguments via `...` (@test-as_tibble.R#31)
     2. Failure: as.data.frame.demography_ctfs takes arguments via `...` (@test-as_tibble.R#129)
    
     Error: testthat unit tests failed
     Execution halted
Flavor: r-devel-linux-x86_64-debian-clang

Version: 1.1.11
Check: tests
Result: ERROR
     Running ‘spelling.R’ [0s/1s]
     Running ‘testthat.R’ [32s/44s]
    Running the tests in ‘tests/testthat.R’ failed.
    Complete output:
     > library(testthat)
     > library(fgeo.analyze)
     >
     > test_check("fgeo.analyze")
     ── 1. Failure: as.data.frame.tt_lst takes arguments via `...` (@test-as_tibble.R
     as.data.frame(tt_lst)[["sp"]] inherits from `character` not `factor`.
    
     ── 2. Failure: as.data.frame.demography_ctfs takes arguments via `...` (@test-as
     as.data.frame(result)[["groups"]] inherits from `character` not `factor`.
    
     $N2
     [1] 29
    
     $R
     [1] 3
    
     $rate
     [1] 0.02413113
    
     $lower
     [1] 0.0084585
    
     $upper
     [1] 0.06812388
    
     $time
     [1] 4.525246
    
     $date1
     [1] 18937.96
    
     $date2
     [1] 20600.72
    
     ══ testthat results ═══════════════════════════════════════════════════════════
     [ OK: 305 | SKIPPED: 14 | WARNINGS: 0 | FAILED: 2 ]
     1. Failure: as.data.frame.tt_lst takes arguments via `...` (@test-as_tibble.R#31)
     2. Failure: as.data.frame.demography_ctfs takes arguments via `...` (@test-as_tibble.R#129)
    
     Error: testthat unit tests failed
     Execution halted
Flavor: r-devel-linux-x86_64-debian-gcc