CRAN Package Check Results for Package fido

Last updated on 2022-08-19 05:52:49 CEST.

Flavor Version Tinstall Tcheck Ttotal Status Flags
r-devel-linux-x86_64-debian-clang 1.0.2 345.92 212.49 558.41 NOTE
r-devel-linux-x86_64-debian-gcc 1.0.2 280.45 164.71 445.16 NOTE
r-devel-linux-x86_64-fedora-clang 1.0.2 724.55 NOTE
r-devel-linux-x86_64-fedora-gcc 1.0.2 796.39 NOTE
r-devel-windows-x86_64 1.0.2 255.00 286.00 541.00 NOTE
r-patched-linux-x86_64 1.0.2 304.08 208.03 512.11 NOTE
r-release-linux-x86_64 1.0.2 NOTE
r-release-macos-arm64 1.0.2 181.00 NOTE
r-release-macos-x86_64 1.0.2 235.00 NOTE
r-release-windows-x86_64 1.0.2 270.00 270.00 540.00 NOTE
r-oldrel-macos-arm64 1.0.2 179.00 NOTE
r-oldrel-macos-x86_64 1.0.2 236.00 NOTE
r-oldrel-windows-ix86+x86_64 1.0.2 765.00 378.00 1143.00 NOTE

Check Details

Version: 1.0.2
Check: package dependencies
Result: NOTE
    Package suggested but not available for checking: 'MicrobeDS'
Flavors: r-devel-linux-x86_64-debian-clang, r-devel-linux-x86_64-debian-gcc, r-devel-linux-x86_64-fedora-clang, r-devel-linux-x86_64-fedora-gcc, r-devel-windows-x86_64, r-patched-linux-x86_64, r-release-linux-x86_64, r-release-macos-arm64, r-release-macos-x86_64, r-release-windows-x86_64, r-oldrel-macos-arm64, r-oldrel-macos-x86_64, r-oldrel-windows-ix86+x86_64

Version: 1.0.2
Check: HTML version of manual
Result: NOTE
    Found the following HTML validation problems:
    optimMaltipooCollapsed.html:173:41: Warning: <em> is probably intended as </em>
    optimMaltipooCollapsed.html:173:68: Warning: discarding unexpected </em>
    optimMaltipooCollapsed.html:173:76: Warning: discarding unexpected </em>
Flavors: r-devel-linux-x86_64-debian-clang, r-devel-linux-x86_64-debian-gcc, r-devel-linux-x86_64-fedora-clang, r-devel-linux-x86_64-fedora-gcc

Version: 1.0.2
Check: HTML version of manual
Result: NOTE
    Found the following HTML validation problems:
    optimMaltipooCollapsed.html:173:41: Warning: <em> is probably intended as </em>
    
    
    optimMaltipooCollapsed.html:173:68: Warning: discarding unexpected </em>
    
    
    optimMaltipooCollapsed.html:173:76: Warning: discarding unexpected </em>
Flavor: r-devel-windows-x86_64

Version: 1.0.2
Check: installed package size
Result: NOTE
     installed size is 39.5Mb
     sub-directories of 1Mb or more:
     libs 37.9Mb
Flavors: r-release-macos-arm64, r-release-macos-x86_64, r-oldrel-macos-arm64, r-oldrel-macos-x86_64, r-oldrel-windows-ix86+x86_64