Last updated on 2022-05-28 05:53:07 CEST.
Flavor | Version | Tinstall | Tcheck | Ttotal | Status | Flags |
---|---|---|---|---|---|---|
r-devel-linux-x86_64-debian-clang | 0.1.3 | 105.33 | 76.85 | 182.18 | OK | |
r-devel-linux-x86_64-debian-gcc | 0.1.3 | 86.46 | 54.20 | 140.66 | OK | |
r-devel-linux-x86_64-fedora-clang | 0.1.3 | 262.26 | OK | |||
r-devel-linux-x86_64-fedora-gcc | 0.1.3 | 229.45 | OK | |||
r-devel-windows-x86_64 | 0.1.3 | 126.00 | 110.00 | 236.00 | OK | |
r-patched-linux-x86_64 | 0.1.3 | 85.20 | 69.36 | 154.56 | OK | |
r-release-linux-x86_64 | 0.1.3 | 90.68 | 71.67 | 162.35 | OK | |
r-release-macos-arm64 | 0.1.3 | 55.00 | OK | |||
r-release-macos-x86_64 | 0.1.3 | 76.00 | OK | |||
r-release-windows-x86_64 | 0.1.3 | 134.00 | 114.00 | 248.00 | OK | |
r-oldrel-macos-arm64 | 0.1.3 | 50.00 | NOTE | |||
r-oldrel-macos-x86_64 | 0.1.3 | 74.00 | OK | |||
r-oldrel-windows-ix86+x86_64 | 0.1.3 | 271.00 | 140.00 | 411.00 | OK |
Version: 0.1.3
Check: installed package size
Result: NOTE
installed size is 5.4Mb
sub-directories of 1Mb or more:
libs 5.0Mb
Flavor: r-oldrel-macos-arm64