CRAN Package Check Results for Package fingertipsR

Last updated on 2019-08-18 05:46:14 CEST.

Flavor Version Tinstall Tcheck Ttotal Status Flags
r-devel-linux-x86_64-debian-clang 0.2.7 6.15 112.22 118.37 OK
r-devel-linux-x86_64-debian-gcc 0.2.7 4.88 88.79 93.67 OK
r-devel-linux-x86_64-fedora-clang 0.2.7 140.88 NOTE
r-devel-linux-x86_64-fedora-gcc 0.2.7 134.80 NOTE
r-devel-windows-ix86+x86_64 0.2.7 23.00 406.00 429.00 OK
r-patched-linux-x86_64 0.2.7 5.42 109.99 115.41 OK
r-patched-solaris-x86 0.2.7 201.60 WARN
r-release-linux-x86_64 0.2.7 5.32 110.48 115.80 OK
r-release-windows-ix86+x86_64 0.2.7 21.00 423.00 444.00 OK
r-release-osx-x86_64 0.2.7 WARN
r-oldrel-windows-ix86+x86_64 0.2.7 16.00 422.00 438.00 OK
r-oldrel-osx-x86_64 0.2.7 WARN

Check Details

Version: 0.2.7
Check: dependencies in R code
Result: NOTE
    Namespace in Imports field not imported from: ‘purrr’
     All declared Imports should be used.
Flavors: r-devel-linux-x86_64-fedora-clang, r-devel-linux-x86_64-fedora-gcc, r-patched-solaris-x86, r-release-osx-x86_64, r-oldrel-osx-x86_64

Version: 0.2.7
Check: re-building of vignette outputs
Result: WARN
    Error(s) in re-building vignettes:
     ...
    --- re-building ‘lifeExpectancy.Rmd’ using rmarkdown
    Warning in engine$weave(file, quiet = quiet, encoding = enc) :
     Pandoc (>= 1.12.3) and/or pandoc-citeproc not available. Falling back to R Markdown v1.
    Quitting from lines 70-72 (lifeExpectancy.Rmd)
    Error: processing vignette 'lifeExpectancy.Rmd' failed with diagnostics:
    there is no package called 'webshot'
    --- failed re-building ‘lifeExpectancy.Rmd’
    
    --- re-building ‘selectIndicatorsRedRed.Rmd’ using rmarkdown
    Warning in engine$weave(file, quiet = quiet, encoding = enc) :
     Pandoc (>= 1.12.3) and/or pandoc-citeproc not available. Falling back to R Markdown v1.
    --- finished re-building ‘selectIndicatorsRedRed.Rmd’
    
    SUMMARY: processing the following file failed:
     ‘lifeExpectancy.Rmd’
    
    Error: Vignette re-building failed.
    Execution halted
Flavor: r-patched-solaris-x86

Version: 0.2.7
Check: re-building of vignette outputs
Result: WARN
    Error(s) in re-building vignettes:
     ...
    --- re-building ‘lifeExpectancy.Rmd’ using rmarkdown
    Warning in engine$weave(file, quiet = quiet, encoding = enc) :
     Pandoc (>= 1.12.3) and/or pandoc-citeproc not available. Falling back to R Markdown v1.
    Quitting from lines 70-72 (lifeExpectancy.Rmd)
    Error: processing vignette 'lifeExpectancy.Rmd' failed with diagnostics:
    cannot open the connection
    --- failed re-building ‘lifeExpectancy.Rmd’
    
    --- re-building ‘selectIndicatorsRedRed.Rmd’ using rmarkdown
    Warning in engine$weave(file, quiet = quiet, encoding = enc) :
     Pandoc (>= 1.12.3) and/or pandoc-citeproc not available. Falling back to R Markdown v1.
    --- finished re-building ‘selectIndicatorsRedRed.Rmd’
    
    SUMMARY: processing the following file failed:
     ‘lifeExpectancy.Rmd’
    
    Error: Vignette re-building failed.
    Execution halted
Flavor: r-release-osx-x86_64

Version: 0.2.7
Check: re-building of vignette outputs
Result: WARN
    Error in re-building vignettes:
     ...
    Warning in engine$weave(file, quiet = quiet, encoding = enc) :
     Pandoc (>= 1.12.3) and/or pandoc-citeproc not available. Falling back to R Markdown v1.
    Quitting from lines 70-72 (lifeExpectancy.Rmd)
    Error: processing vignette 'lifeExpectancy.Rmd' failed with diagnostics:
    cannot open the connection
    Execution halted
Flavor: r-oldrel-osx-x86_64