CRAN Package Check Results for Package fingertipsR

Last updated on 2019-12-15 05:47:38 CET.

Flavor Version Tinstall Tcheck Ttotal Status Flags
r-devel-linux-x86_64-debian-clang 0.2.9 6.36 113.03 119.39 OK
r-devel-linux-x86_64-debian-gcc 0.2.9 5.43 89.72 95.15 OK
r-devel-linux-x86_64-fedora-clang 0.2.9 142.20 OK
r-devel-linux-x86_64-fedora-gcc 0.2.9 143.68 OK
r-devel-windows-ix86+x86_64 0.2.9 19.00 477.00 496.00 OK
r-devel-windows-ix86+x86_64-gcc8 0.2.9 18.00 651.00 669.00 OK
r-patched-linux-x86_64 0.2.9 5.65 103.56 109.21 OK
r-patched-solaris-x86 0.2.9 186.10 WARN
r-release-linux-x86_64 0.2.9 5.70 105.11 110.81 OK
r-release-windows-ix86+x86_64 0.2.9 10.00 1150.00 1160.00 OK
r-release-osx-x86_64 0.2.9 WARN
r-oldrel-windows-ix86+x86_64 0.2.9 8.00 368.00 376.00 OK
r-oldrel-osx-x86_64 0.2.9 WARN

Check Details

Version: 0.2.9
Check: re-building of vignette outputs
Result: WARN
    Error(s) in re-building vignettes:
     ...
    --- re-building ‘lifeExpectancy.Rmd’ using rmarkdown
    Warning in engine$weave(file, quiet = quiet, encoding = enc) :
     Pandoc (>= 1.12.3) and/or pandoc-citeproc not available. Falling back to R Markdown v1.
    Quitting from lines 70-72 (lifeExpectancy.Rmd)
    Error: processing vignette 'lifeExpectancy.Rmd' failed with diagnostics:
    there is no package called 'webshot'
    --- failed re-building ‘lifeExpectancy.Rmd’
    
    --- re-building ‘selectIndicatorsRedRed.Rmd’ using rmarkdown
    Warning in engine$weave(file, quiet = quiet, encoding = enc) :
     Pandoc (>= 1.12.3) and/or pandoc-citeproc not available. Falling back to R Markdown v1.
    --- finished re-building ‘selectIndicatorsRedRed.Rmd’
    
    SUMMARY: processing the following file failed:
     ‘lifeExpectancy.Rmd’
    
    Error: Vignette re-building failed.
    Execution halted
Flavor: r-patched-solaris-x86

Version: 0.2.9
Check: re-building of vignette outputs
Result: WARN
    Error(s) in re-building vignettes:
     ...
    --- re-building ‘lifeExpectancy.Rmd’ using rmarkdown
    Warning in engine$weave(file, quiet = quiet, encoding = enc) :
     Pandoc (>= 1.12.3) and/or pandoc-citeproc not available. Falling back to R Markdown v1.
    Quitting from lines 70-72 (lifeExpectancy.Rmd)
    Error: processing vignette 'lifeExpectancy.Rmd' failed with diagnostics:
    cannot open the connection
    --- failed re-building ‘lifeExpectancy.Rmd’
    
    --- re-building ‘selectIndicatorsRedRed.Rmd’ using rmarkdown
    Warning in engine$weave(file, quiet = quiet, encoding = enc) :
     Pandoc (>= 1.12.3) and/or pandoc-citeproc not available. Falling back to R Markdown v1.
    --- finished re-building ‘selectIndicatorsRedRed.Rmd’
    
    SUMMARY: processing the following file failed:
     ‘lifeExpectancy.Rmd’
    
    Error: Vignette re-building failed.
    Execution halted
Flavor: r-release-osx-x86_64

Version: 0.2.9
Check: re-building of vignette outputs
Result: WARN
    Error in re-building vignettes:
     ...
    Warning in engine$weave(file, quiet = quiet, encoding = enc) :
     Pandoc (>= 1.12.3) and/or pandoc-citeproc not available. Falling back to R Markdown v1.
    Quitting from lines 70-72 (lifeExpectancy.Rmd)
    Error: processing vignette 'lifeExpectancy.Rmd' failed with diagnostics:
    cannot open the connection
    Execution halted
Flavor: r-oldrel-osx-x86_64