CRAN Package Check Results for Package fishMod

Last updated on 2022-05-20 05:54:28 CEST.

Flavor Version Tinstall Tcheck Ttotal Status Flags
r-devel-linux-x86_64-debian-clang 0.29 6.50 35.86 42.36 OK
r-devel-linux-x86_64-debian-gcc 0.29 4.74 27.95 32.69 OK
r-devel-linux-x86_64-fedora-clang 0.29 52.07 NOTE
r-devel-linux-x86_64-fedora-gcc 0.29 48.99 NOTE
r-devel-windows-x86_64 0.29 17.00 59.00 76.00 OK
r-patched-linux-x86_64 0.29 6.02 34.11 40.13 OK
r-release-linux-x86_64 0.29 5.76 35.34 41.10 OK
r-release-macos-arm64 0.29 19.00 OK
r-release-macos-x86_64 0.29 27.00 OK
r-release-windows-x86_64 0.29 14.00 58.00 72.00 OK
r-oldrel-macos-arm64 0.29 27.00 OK
r-oldrel-macos-x86_64 0.29 33.00 OK
r-oldrel-windows-ix86+x86_64 0.29 13.00 38.00 51.00 OK

Check Details

Version: 0.29
Check: compiled code
Result: NOTE
    File ‘fishMod/libs/fishMod.so’:
     Found no calls to: ‘R_registerRoutines’, ‘R_useDynamicSymbols’
    
    It is good practice to register native routines and to disable symbol
    search.
    
    See ‘Writing portable packages’ in the ‘Writing R Extensions’ manual.
Flavors: r-devel-linux-x86_64-fedora-clang, r-devel-linux-x86_64-fedora-gcc