CRAN Package Check Results for Package fitteR

Last updated on 2022-01-24 05:51:49 CET.

Flavor Version Tinstall Tcheck Ttotal Status Flags
r-devel-linux-x86_64-debian-clang 0.1.0 6.20 76.53 82.73 NOTE
r-devel-linux-x86_64-debian-gcc 0.1.0 4.78 57.25 62.03 NOTE
r-devel-linux-x86_64-fedora-clang 0.1.0 100.22 NOTE
r-devel-linux-x86_64-fedora-gcc 0.1.0 83.43 NOTE
r-devel-windows-x86_64-new-UL 0.1.0 21.00 89.00 110.00 NOTE
r-devel-windows-x86_64-new-TK 0.1.0 NOTE
r-patched-linux-x86_64 0.1.0 6.98 72.07 79.05 NOTE
r-release-linux-x86_64 0.1.0 6.25 71.37 77.62 NOTE
r-release-macos-arm64 0.1.0 NOTE
r-release-macos-x86_64 0.1.0 NOTE
r-release-windows-ix86+x86_64 0.1.0 16.00 87.00 103.00 OK
r-oldrel-macos-x86_64 0.1.0 NOTE
r-oldrel-windows-ix86+x86_64 0.1.0 17.00 88.00 105.00 OK

Check Details

Version: 0.1.0
Check: package dependencies
Result: NOTE
    Package suggested but not available for checking: 'ihs'
Flavors: r-devel-linux-x86_64-debian-clang, r-devel-linux-x86_64-debian-gcc, r-devel-linux-x86_64-fedora-clang, r-devel-linux-x86_64-fedora-gcc, r-devel-windows-x86_64-new-UL, r-devel-windows-x86_64-new-TK, r-patched-linux-x86_64, r-release-linux-x86_64, r-release-macos-arm64, r-release-macos-x86_64

Version: 0.1.0
Check: package dependencies
Result: NOTE
    Package suggested but not available for checking: ‘ExtDist’
Flavor: r-oldrel-macos-x86_64