CRAN Package Check Results for Package fixest

Last updated on 2021-02-27 06:46:54 CET.

Flavor Version Tinstall Tcheck Ttotal Status Flags
r-devel-linux-x86_64-debian-clang 0.8.2 99.79 242.19 341.98 OK
r-devel-linux-x86_64-debian-gcc 0.8.2 76.78 215.65 292.43 OK
r-devel-linux-x86_64-fedora-clang 0.8.2 446.88 NOTE
r-devel-linux-x86_64-fedora-gcc 0.8.2 431.64 OK
r-devel-windows-ix86+x86_64 0.8.2 144.00 261.00 405.00 NOTE
r-patched-linux-x86_64 0.8.2 84.99 221.24 306.23 OK
r-patched-solaris-x86 0.8.2 385.10 NOTE
r-release-linux-x86_64 0.8.2 82.07 222.16 304.23 OK
r-release-macos-x86_64 0.8.2 NOTE
r-release-windows-ix86+x86_64 0.8.2 221.00 322.00 543.00 NOTE
r-oldrel-macos-x86_64 0.8.2 NOTE
r-oldrel-windows-ix86+x86_64 0.8.2 148.00 246.00 394.00 NOTE

Check Details

Version: 0.8.2
Check: installed package size
Result: NOTE
     installed size is 11.3Mb
     sub-directories of 1Mb or more:
     doc 3.8Mb
     libs 5.7Mb
Flavors: r-devel-linux-x86_64-fedora-clang, r-devel-windows-ix86+x86_64, r-patched-solaris-x86, r-release-macos-x86_64, r-release-windows-ix86+x86_64, r-oldrel-macos-x86_64, r-oldrel-windows-ix86+x86_64