CRAN Package Check Results for Package flipr

Last updated on 2021-11-30 05:53:19 CET.

Flavor Version Tinstall Tcheck Ttotal Status Flags
r-devel-linux-x86_64-debian-clang 0.3.1 29.08 89.56 118.64 OK
r-devel-linux-x86_64-debian-gcc 0.3.1 22.19 65.86 88.05 OK
r-devel-linux-x86_64-fedora-clang 0.3.1 166.61 NOTE
r-devel-linux-x86_64-fedora-gcc 0.3.1 141.93 NOTE
r-devel-windows-x86_64-new-UL 0.3.1 55.00 165.00 220.00 NOTE
r-devel-windows-x86_64-new-TK 0.3.1 NOTE
r-devel-windows-x86_64-old 0.3.1 43.00 103.00 146.00 NOTE
r-patched-linux-x86_64 0.3.1 26.12 90.34 116.46 OK
r-patched-solaris-x86 0.3.1 150.60 NOTE
r-release-linux-x86_64 0.3.1 23.14 90.42 113.56 OK
r-release-macos-arm64 0.3.1 NOTE
r-release-macos-x86_64 0.3.1 NOTE
r-release-windows-ix86+x86_64 0.3.1 79.00 127.00 206.00 NOTE
r-oldrel-macos-x86_64 0.3.1 NOTE
r-oldrel-windows-ix86+x86_64 0.3.1 54.00 132.00 186.00 NOTE

Check Details

Version: 0.3.1
Check: installed package size
Result: NOTE
     installed size is 9.0Mb
     sub-directories of 1Mb or more:
     doc 7.6Mb
Flavors: r-devel-linux-x86_64-fedora-clang, r-devel-windows-x86_64-new-UL, r-devel-windows-x86_64-old, r-patched-solaris-x86, r-release-macos-arm64, r-release-macos-x86_64, r-release-windows-ix86+x86_64, r-oldrel-macos-x86_64, r-oldrel-windows-ix86+x86_64

Version: 0.3.1
Check: dependencies in R code
Result: NOTE
    Namespaces in Imports field not imported from:
     ‘R6’ ‘pbapply’
     All declared Imports should be used.
Flavors: r-devel-linux-x86_64-fedora-clang, r-devel-linux-x86_64-fedora-gcc, r-devel-windows-x86_64-new-TK, r-patched-solaris-x86, r-release-macos-arm64, r-release-macos-x86_64, r-oldrel-macos-x86_64