CRAN Package Check Results for Package flow

Last updated on 2024-06-19 06:58:01 CEST.

Flavor Version Tinstall Tcheck Ttotal Status Flags
r-devel-linux-x86_64-debian-clang 0.2.0 8.74 100.62 109.36 NOTE
r-devel-linux-x86_64-debian-gcc 0.2.0 5.14 75.49 80.63 NOTE
r-devel-linux-x86_64-fedora-clang 0.2.0 142.83 NOTE
r-devel-linux-x86_64-fedora-gcc 0.2.0 139.98 NOTE
r-devel-windows-x86_64 0.2.0 8.00 108.00 116.00 NOTE
r-patched-linux-x86_64 0.2.0 6.34 97.10 103.44 NOTE
r-release-linux-x86_64 0.2.0 6.40 96.47 102.87 NOTE
r-release-macos-arm64 0.2.0 52.00 NOTE
r-release-macos-x86_64 0.2.0 141.00 NOTE
r-release-windows-x86_64 0.2.0 8.00 118.00 126.00 NOTE
r-oldrel-macos-arm64 0.2.0 57.00 OK
r-oldrel-macos-x86_64 0.2.0 106.00 OK
r-oldrel-windows-x86_64 0.2.0 10.00 121.00 131.00 OK

Check Details

Version: 0.2.0
Check: Rd files
Result: NOTE checkRd: (-1) flow_embed.Rd:30: Lost braces; missing escapes or markup? 30 | \item Don't forget to add {flow} to Suggests in your DESCRIPTION file. | ^ Flavors: r-devel-linux-x86_64-debian-clang, r-devel-linux-x86_64-debian-gcc, r-devel-linux-x86_64-fedora-clang, r-devel-linux-x86_64-fedora-gcc, r-devel-windows-x86_64, r-patched-linux-x86_64, r-release-linux-x86_64, r-release-macos-arm64, r-release-macos-x86_64, r-release-windows-x86_64