CRAN Package Check Results for Package flowDiv

Last updated on 2019-12-09 05:47:12 CET.

Flavor Version Tinstall Tcheck Ttotal Status Flags
r-devel-linux-x86_64-debian-clang 2.0 16.21 129.51 145.72 NOTE
r-devel-linux-x86_64-debian-gcc 2.0 14.78 104.97 119.75 NOTE
r-devel-linux-x86_64-fedora-clang 2.0 7.83 ERROR
r-devel-linux-x86_64-fedora-gcc 2.0 180.95 NOTE
r-devel-windows-ix86+x86_64 2.0 37.00 187.00 224.00 NOTE
r-devel-windows-ix86+x86_64-gcc8 2.0 2.00 5.00 7.00 ERROR
r-patched-linux-x86_64 2.0 14.27 114.90 129.17 NOTE
r-patched-solaris-x86 2.0 246.00 NOTE
r-release-linux-x86_64 2.0 15.85 125.47 141.32 NOTE
r-release-windows-ix86+x86_64 2.0 30.00 127.00 157.00 NOTE
r-release-osx-x86_64 2.0 NOTE
r-oldrel-windows-ix86+x86_64 2.0 19.00 134.00 153.00 OK
r-oldrel-osx-x86_64 2.0 ERROR

Check Details

Version: 2.0
Check: R code for possible problems
Result: NOTE
    opc : <anonymous>: no visible global function definition for
     'parseWorkspace'
    opc : <anonymous>: no visible global function definition for
     'closeWorkspace'
    Undefined global functions or variables:
     closeWorkspace parseWorkspace
Flavors: r-devel-linux-x86_64-debian-clang, r-devel-linux-x86_64-debian-gcc, r-devel-linux-x86_64-fedora-gcc, r-devel-windows-ix86+x86_64, r-patched-linux-x86_64, r-patched-solaris-x86, r-release-linux-x86_64, r-release-windows-ix86+x86_64, r-release-osx-x86_64

Version: 2.0
Check: whether package can be installed
Result: ERROR
    Installation failed.
Flavor: r-devel-linux-x86_64-fedora-clang

Version: 2.0
Check: package dependencies
Result: ERROR
    Package required but not available: 'flowWorkspace'
    
    See section 'The DESCRIPTION file' in the 'Writing R Extensions'
    manual.
Flavors: r-devel-windows-ix86+x86_64-gcc8, r-oldrel-osx-x86_64