CRAN Package Check Results for Package flowDiv

Last updated on 2019-08-21 05:46:52 CEST.

Flavor Version Tinstall Tcheck Ttotal Status Flags
r-devel-linux-x86_64-debian-clang 2.0 14.29 120.07 134.36 NOTE
r-devel-linux-x86_64-debian-gcc 2.0 13.21 95.03 108.24 NOTE
r-devel-linux-x86_64-fedora-clang 2.0 160.15 NOTE
r-devel-linux-x86_64-fedora-gcc 2.0 166.09 NOTE
r-devel-windows-ix86+x86_64 2.0 48.00 198.00 246.00 NOTE
r-patched-linux-x86_64 2.0 17.07 126.20 143.27 NOTE
r-patched-solaris-x86 2.0 287.40 NOTE
r-release-linux-x86_64 2.0 15.85 126.75 142.60 NOTE
r-release-windows-ix86+x86_64 2.0 4.00 6.00 10.00 ERROR
r-release-osx-x86_64 2.0 ERROR
r-oldrel-windows-ix86+x86_64 2.0 28.00 193.00 221.00 OK
r-oldrel-osx-x86_64 2.0 ERROR

Check Details

Version: 2.0
Check: R code for possible problems
Result: NOTE
    opc : <anonymous>: no visible global function definition for
     'parseWorkspace'
    opc : <anonymous>: no visible global function definition for
     'closeWorkspace'
    Undefined global functions or variables:
     closeWorkspace parseWorkspace
Flavors: r-devel-linux-x86_64-debian-clang, r-devel-linux-x86_64-debian-gcc, r-devel-linux-x86_64-fedora-clang, r-devel-linux-x86_64-fedora-gcc, r-devel-windows-ix86+x86_64, r-patched-linux-x86_64, r-patched-solaris-x86, r-release-linux-x86_64

Version: 2.0
Check: whether package can be installed
Result: ERROR
    Installation failed.
Flavor: r-release-windows-ix86+x86_64

Version: 2.0
Check: package dependencies
Result: ERROR
    Packages required but not available: 'flowWorkspace', 'flowCore'
    
    See section ‘The DESCRIPTION file’ in the ‘Writing R Extensions’
    manual.
Flavor: r-release-osx-x86_64

Version: 2.0
Check: package dependencies
Result: ERROR
    Package required but not available: ‘flowWorkspace’
    
    See section ‘The DESCRIPTION file’ in the ‘Writing R Extensions’
    manual.
Flavor: r-oldrel-osx-x86_64