CRAN Package Check Results for Package fmerPack

Last updated on 2022-08-12 05:52:47 CEST.

Flavor Version Tinstall Tcheck Ttotal Status Flags
r-devel-linux-x86_64-debian-clang 0.0-1 40.93 105.83 146.76 OK
r-devel-linux-x86_64-debian-gcc 0.0-1 34.87 80.11 114.98 OK
r-devel-linux-x86_64-fedora-clang 0.0-1 200.66 NOTE
r-devel-linux-x86_64-fedora-gcc 0.0-1 190.41 NOTE
r-devel-windows-x86_64 0.0-1 37.00 136.00 173.00 OK
r-patched-linux-x86_64 0.0-1 33.81 101.45 135.26 OK
r-release-linux-x86_64 0.0-1 39.10 100.86 139.96 OK
r-release-macos-arm64 0.0-1 49.00 NOTE
r-release-macos-x86_64 0.0-1 65.00 NOTE
r-release-windows-x86_64 0.0-1 41.00 141.00 182.00 OK
r-oldrel-macos-arm64 0.0-1 57.00 NOTE
r-oldrel-macos-x86_64 0.0-1 87.00 NOTE
r-oldrel-windows-ix86+x86_64 0.0-1 99.00 174.00 273.00 OK

Check Details

Version: 0.0-1
Check: dependencies in R code
Result: NOTE
    Namespace in Imports field not imported from: ‘MASS’
     All declared Imports should be used.
Flavors: r-devel-linux-x86_64-fedora-clang, r-devel-linux-x86_64-fedora-gcc, r-release-macos-arm64, r-release-macos-x86_64, r-oldrel-macos-arm64, r-oldrel-macos-x86_64