CRAN Package Check Results for Package foieGras

Last updated on 2021-11-30 05:53:19 CET.

Flavor Version Tinstall Tcheck Ttotal Status Flags
r-devel-linux-x86_64-debian-clang 0.7-6 156.29 467.27 623.56 OK
r-devel-linux-x86_64-debian-gcc 0.7-6 136.26 347.96 484.22 OK
r-devel-linux-x86_64-fedora-clang 0.7-6 785.79 NOTE
r-devel-linux-x86_64-fedora-gcc 0.7-6 792.91 OK
r-devel-windows-x86_64-new-UL 0.7-6 192.00 567.00 759.00 NOTE
r-devel-windows-x86_64-new-TK 0.7-6 OK
r-devel-windows-x86_64-old 0.7-6 176.00 402.00 578.00 NOTE
r-patched-linux-x86_64 0.7-6 124.11 452.59 576.70 OK
r-patched-solaris-x86 0.7-6 887.20 OK
r-release-linux-x86_64 0.7-6 135.12 450.71 585.83 OK
r-release-macos-arm64 0.7-6 NOTE
r-release-macos-x86_64 0.7-6 NOTE
r-release-windows-ix86+x86_64 0.7-6 307.00 578.00 885.00 NOTE
r-oldrel-macos-x86_64 0.7-6 NOTE
r-oldrel-windows-ix86+x86_64 0.7-6 217.00 579.00 796.00 NOTE

Check Details

Version: 0.7-6
Check: installed package size
Result: NOTE
     installed size is 33.7Mb
     sub-directories of 1Mb or more:
     libs 32.6Mb
Flavors: r-devel-linux-x86_64-fedora-clang, r-devel-windows-x86_64-new-UL, r-devel-windows-x86_64-old, r-release-macos-arm64, r-release-macos-x86_64, r-release-windows-ix86+x86_64, r-oldrel-macos-x86_64, r-oldrel-windows-ix86+x86_64