Last updated on 2022-08-12 05:52:47 CEST.
Flavor | Version | Tinstall | Tcheck | Ttotal | Status | Flags |
---|---|---|---|---|---|---|
r-devel-linux-x86_64-debian-clang | 0.1.0 | 22.20 | 181.92 | 204.12 | OK | |
r-devel-linux-x86_64-debian-gcc | 0.1.0 | 16.42 | 133.59 | 150.01 | OK | |
r-devel-linux-x86_64-fedora-clang | 0.1.0 | 253.77 | NOTE | |||
r-devel-linux-x86_64-fedora-gcc | 0.1.0 | 242.32 | NOTE | |||
r-devel-windows-x86_64 | 0.1.0 | 32.00 | 195.00 | 227.00 | OK | |
r-patched-linux-x86_64 | 0.1.0 | 23.38 | 170.40 | 193.78 | OK | |
r-release-linux-x86_64 | 0.1.0 | 19.28 | 170.51 | 189.79 | OK | |
r-release-macos-arm64 | 0.1.0 | 66.00 | NOTE | |||
r-release-macos-x86_64 | 0.1.0 | 112.00 | NOTE | |||
r-release-windows-x86_64 | 0.1.0 | 36.00 | 205.00 | 241.00 | OK | |
r-oldrel-macos-arm64 | 0.1.0 | 56.00 | NOTE | |||
r-oldrel-macos-x86_64 | 0.1.0 | 84.00 | NOTE | |||
r-oldrel-windows-ix86+x86_64 | 0.1.0 | 47.00 | 194.00 | 241.00 | OK |
Version: 0.1.0
Check: dependencies in R code
Result: NOTE
Namespace in Imports field not imported from: ‘tidyverse’
All declared Imports should be used.
Flavors: r-devel-linux-x86_64-fedora-clang, r-devel-linux-x86_64-fedora-gcc, r-release-macos-arm64, r-release-macos-x86_64, r-oldrel-macos-arm64, r-oldrel-macos-x86_64