CRAN Package Check Results for Package footprint

Last updated on 2024-06-22 06:50:46 CEST.

Flavor Version Tinstall Tcheck Ttotal Status Flags
r-devel-linux-x86_64-debian-clang 0.1 4.77 50.90 55.67 NOTE
r-devel-linux-x86_64-debian-gcc 0.1 3.90 38.41 42.31 NOTE
r-devel-linux-x86_64-fedora-clang 0.1 72.50 NOTE
r-devel-linux-x86_64-fedora-gcc 0.1 77.26 NOTE
r-devel-windows-x86_64 0.1 8.00 59.00 67.00 NOTE
r-patched-linux-x86_64 0.1 5.06 49.07 54.13 NOTE
r-release-linux-x86_64 0.1 4.23 47.90 52.13 NOTE
r-release-macos-arm64 0.1 29.00 NOTE
r-release-macos-x86_64 0.1 45.00 NOTE
r-release-windows-x86_64 0.1 6.00 59.00 65.00 NOTE
r-oldrel-macos-arm64 0.1 30.00 NOTE
r-oldrel-macos-x86_64 0.1 44.00 NOTE
r-oldrel-windows-x86_64 0.1 7.00 64.00 71.00 NOTE

Check Details

Version: 0.1
Check: LazyData
Result: NOTE 'LazyData' is specified without a 'data' directory Flavors: r-devel-linux-x86_64-debian-clang, r-devel-linux-x86_64-debian-gcc, r-devel-linux-x86_64-fedora-clang, r-devel-linux-x86_64-fedora-gcc, r-devel-windows-x86_64, r-patched-linux-x86_64, r-release-linux-x86_64, r-release-macos-arm64, r-release-macos-x86_64, r-release-windows-x86_64, r-oldrel-macos-arm64, r-oldrel-macos-x86_64, r-oldrel-windows-x86_64