CRAN Package Check Results for Package foreach

Last updated on 2019-07-16 05:48:13 CEST.

Flavor Version Tinstall Tcheck Ttotal Status Flags
r-devel-linux-x86_64-debian-clang 1.4.4 2.53 39.54 42.07 OK
r-devel-linux-x86_64-debian-gcc 1.4.4 1.95 30.41 32.36 OK
r-devel-linux-x86_64-fedora-clang 1.4.4 49.97 OK
r-devel-linux-x86_64-fedora-gcc 1.4.4 50.91 OK
r-devel-windows-ix86+x86_64 1.4.4 11.00 110.00 121.00 NOTE
r-patched-linux-x86_64 1.4.4 2.35 38.15 40.50 OK
r-patched-solaris-x86 1.4.4 61.80 OK
r-release-linux-x86_64 1.4.4 2.35 38.16 40.51 OK
r-release-windows-ix86+x86_64 1.4.4 5.00 131.00 136.00 NOTE
r-release-osx-x86_64 1.4.4 OK
r-oldrel-windows-ix86+x86_64 1.4.4 7.00 111.00 118.00 NOTE
r-oldrel-osx-x86_64 1.4.4 OK

Check Details

Version: 1.4.4
Check: package dependencies
Result: NOTE
    Package which this enhances but not available for checking: 'doMC'
Flavors: r-devel-windows-ix86+x86_64, r-release-windows-ix86+x86_64, r-oldrel-windows-ix86+x86_64