CRAN Package Check Results for Package forecTheta

Last updated on 2024-06-19 06:58:02 CEST.

Flavor Version Tinstall Tcheck Ttotal Status Flags
r-devel-linux-x86_64-debian-clang 2.6.2 9.28 79.67 88.95 NOTE
r-devel-linux-x86_64-debian-gcc 2.6.2 7.13 57.78 64.91 NOTE
r-devel-linux-x86_64-fedora-clang 2.6.2 110.19 NOTE
r-devel-linux-x86_64-fedora-gcc 2.6.2 101.63 NOTE
r-devel-windows-x86_64 2.6.2 9.00 72.00 81.00 NOTE
r-patched-linux-x86_64 2.6.2 6.43 76.61 83.04 NOTE
r-release-linux-x86_64 2.6.2 7.54 72.95 80.49 NOTE
r-release-macos-arm64 2.6.2 29.00 NOTE
r-release-macos-x86_64 2.6.2 47.00 NOTE
r-release-windows-x86_64 2.6.2 10.00 72.00 82.00 NOTE
r-oldrel-macos-arm64 2.6.2 33.00 OK
r-oldrel-macos-x86_64 2.6.2 51.00 OK
r-oldrel-windows-x86_64 2.6.2 11.00 84.00 95.00 OK

Check Details

Version: 2.6.2
Check: Rd files
Result: NOTE checkRd: (-1) errorMetricFunctions.Rd:48: Lost braces 48 | The metric MdAE is obtained using code{type = "AE"} and \code{statistic = "Md"} | ^ Flavors: r-devel-linux-x86_64-debian-clang, r-devel-linux-x86_64-debian-gcc, r-devel-linux-x86_64-fedora-clang, r-devel-linux-x86_64-fedora-gcc, r-devel-windows-x86_64, r-patched-linux-x86_64, r-release-linux-x86_64, r-release-macos-arm64, r-release-macos-x86_64, r-release-windows-x86_64