CRAN Package Check Results for Package fracture

Last updated on 2024-06-17 06:50:17 CEST.

Flavor Version Tinstall Tcheck Ttotal Status Flags
r-devel-linux-x86_64-debian-clang 0.2.1 24.69 38.95 63.64 NOTE
r-devel-linux-x86_64-debian-gcc 0.2.1 18.02 28.72 46.74 NOTE
r-devel-linux-x86_64-fedora-clang 0.2.1 92.98 NOTE
r-devel-linux-x86_64-fedora-gcc 0.2.1 85.13 NOTE
r-devel-windows-x86_64 0.2.1 20.00 68.00 88.00 NOTE
r-patched-linux-x86_64 0.2.1 22.67 36.60 59.27 NOTE
r-release-linux-x86_64 0.2.1 19.57 36.00 55.57 NOTE
r-release-macos-arm64 0.2.1 25.00 NOTE
r-release-macos-x86_64 0.2.1 33.00 NOTE
r-release-windows-x86_64 0.2.1 22.00 69.00 91.00 NOTE
r-oldrel-macos-arm64 0.2.1 27.00 NOTE
r-oldrel-macos-x86_64 0.2.1 41.00 NOTE
r-oldrel-windows-x86_64 0.2.1 21.00 75.00 96.00 NOTE

Check Details

Version: 0.2.1
Check: C++ specification
Result: NOTE Specified C++11: please drop specification unless essential Flavors: r-devel-linux-x86_64-debian-clang, r-devel-linux-x86_64-debian-gcc, r-devel-linux-x86_64-fedora-clang, r-devel-linux-x86_64-fedora-gcc, r-devel-windows-x86_64, r-patched-linux-x86_64, r-release-linux-x86_64, r-release-macos-arm64, r-release-macos-x86_64, r-release-windows-x86_64, r-oldrel-macos-arm64, r-oldrel-macos-x86_64, r-oldrel-windows-x86_64