CRAN Package Check Results for Package frair

Last updated on 2024-07-21 06:52:08 CEST.

Flavor Version Tinstall Tcheck Ttotal Status Flags
r-devel-linux-x86_64-debian-clang 0.5.100 11.89 107.75 119.64 NOTE
r-devel-linux-x86_64-debian-gcc 0.5.100 9.14 81.00 90.14 NOTE
r-devel-linux-x86_64-fedora-clang 0.5.100 192.21 NOTE
r-devel-linux-x86_64-fedora-gcc 0.5.100 171.54 NOTE
r-devel-windows-x86_64 0.5.100 10.00 94.00 104.00 NOTE
r-patched-linux-x86_64 0.5.100 15.38 103.41 118.79 NOTE
r-release-linux-x86_64 0.5.100 10.78 102.28 113.06 NOTE
r-release-macos-arm64 0.5.100 43.00 NOTE
r-release-macos-x86_64 0.5.100 63.00 NOTE
r-release-windows-x86_64 0.5.100 10.00 94.00 104.00 NOTE
r-oldrel-macos-arm64 0.5.100 46.00 NOTE
r-oldrel-macos-x86_64 0.5.100 79.00 NOTE
r-oldrel-windows-x86_64 0.5.100 10.00 111.00 121.00 NOTE

Check Details

Version: 0.5.100
Check: package subdirectories
Result: NOTE Problems with news in ‘NEWS.md’: No news entries found. Flavors: r-devel-linux-x86_64-debian-clang, r-devel-linux-x86_64-debian-gcc, r-devel-linux-x86_64-fedora-clang, r-devel-linux-x86_64-fedora-gcc, r-devel-windows-x86_64, r-patched-linux-x86_64, r-release-linux-x86_64, r-release-macos-arm64, r-release-macos-x86_64, r-release-windows-x86_64, r-oldrel-macos-arm64, r-oldrel-macos-x86_64, r-oldrel-windows-x86_64

Version: 0.5.100
Check: Rd cross-references
Result: NOTE Found the following Rd file(s) with Rd \link{} targets missing package anchors: fr_emdII.Rd: mle2 fr_flexp.Rd: mle2 fr_flexpnr.Rd: mle2 fr_hassIII.Rd: mle2 fr_hassIIInr.Rd: mle2 fr_hollingsII.Rd: mle2 fr_rogersII.Rd: mle2 fr_typeI.Rd: mle2 Please provide package anchors for all Rd \link{} targets not in the package itself and the base packages. Flavors: r-devel-linux-x86_64-debian-gcc, r-devel-windows-x86_64