CRAN Package Check Results for Package fritools2

Last updated on 2024-06-13 06:58:02 CEST.

Flavor Version Tinstall Tcheck Ttotal Status Flags
r-devel-linux-x86_64-debian-clang 4.1.0 4.03 58.89 62.92 OK
r-devel-linux-x86_64-debian-gcc 4.1.0 3.84 43.12 46.96 ERROR
r-devel-linux-x86_64-fedora-clang 4.1.0 82.84 OK
r-devel-linux-x86_64-fedora-gcc 4.1.0 89.29 OK
r-devel-windows-x86_64 4.1.0 6.00 122.00 128.00 NOTE
r-patched-linux-x86_64 4.1.0 6.95 56.47 63.42 OK
r-release-linux-x86_64 4.1.0 4.95 57.63 62.58 OK
r-release-macos-arm64 4.1.0 52.00 NOTE
r-release-macos-x86_64 4.1.0 77.00 NOTE
r-release-windows-x86_64 4.1.0 7.00 130.00 137.00 NOTE
r-oldrel-macos-arm64 4.1.0 70.00 OK
r-oldrel-macos-x86_64 4.1.0 119.00 OK
r-oldrel-windows-x86_64 4.1.0 8.00 127.00 135.00 OK

Check Details

Version: 4.1.0
Check: package dependencies
Result: NOTE Packages suggested but not available for checking: 'devtools', 'dplyr', 'testthat' Flavor: r-devel-linux-x86_64-debian-gcc

Version: 4.1.0
Check: examples
Result: ERROR Running examples in ‘fritools2-Ex.R’ failed The error most likely occurred in: > base::assign(".ptime", proc.time(), pos = "CheckExEnv") > ### Name: count_groups > ### Title: Count Observations per Groups > ### Aliases: count_groups > > ### ** Examples > > count_groups(mtcars, "am", "gear") am gear count 1 0 3 15 2 0 4 4 3 1 4 8 4 1 5 5 > RUnit::checkEquals(dplyr::count(mtcars, am, gear), + count_groups(mtcars, "am", "gear"), checkNames = FALSE) Error in loadNamespace(x) : there is no package called ‘dplyr’ Calls: <Anonymous> ... loadNamespace -> withRestarts -> withOneRestart -> doWithOneRestart Execution halted Flavor: r-devel-linux-x86_64-debian-gcc

Version: 4.1.0
Check: tests
Result: ERROR Running ‘testthat.R’ [0s/0s] Running ‘tinytest.R’ [2s/21s] Running the tests in ‘tests/testthat.R’ failed. Complete output: > library(testthat) Error in library(testthat) : there is no package called 'testthat' Execution halted Flavor: r-devel-linux-x86_64-debian-gcc

Version: 4.1.0
Check: Rd files
Result: NOTE checkRd: (-1) NEWS.Rd:234: Escaped LaTeX specials: \_ checkRd: (-1) NEWS.Rd:257: Escaped LaTeX specials: \_ \_ checkRd: (-1) NEWS.Rd:258: Escaped LaTeX specials: \_ \_ checkRd: (-1) NEWS.Rd:259: Escaped LaTeX specials: \_ checkRd: (-1) NEWS.Rd:262: Escaped LaTeX specials: \_ checkRd: (-1) NEWS.Rd:265: Escaped LaTeX specials: \_ Flavors: r-devel-windows-x86_64, r-release-macos-arm64, r-release-macos-x86_64, r-release-windows-x86_64