CRAN Package Check Results for Package fromo

Last updated on 2023-02-02 06:03:26 CET.

Flavor Version Tinstall Tcheck Ttotal Status Flags
r-devel-linux-x86_64-debian-clang 0.2.1 399.58 54.50 454.08 OK
r-devel-linux-x86_64-debian-gcc 0.2.1 288.85 46.48 335.33 OK
r-devel-linux-x86_64-fedora-clang 0.2.1 591.44 NOTE
r-devel-linux-x86_64-fedora-gcc 0.2.1 581.59 OK
r-devel-windows-x86_64 0.2.1 219.00 151.00 370.00 OK
r-patched-linux-x86_64 0.2.1 275.10 55.54 330.64 OK
r-release-linux-x86_64 0.2.1 276.53 56.53 333.06 OK
r-release-macos-arm64 0.2.1 143.00 NOTE
r-release-macos-x86_64 0.2.1 217.00 NOTE
r-release-windows-x86_64 0.2.1 195.00 147.00 342.00 OK
r-oldrel-macos-arm64 0.2.1 169.00 NOTE
r-oldrel-macos-x86_64 0.2.1 283.00 NOTE
r-oldrel-windows-ix86+x86_64 0.2.1 665.00 147.00 812.00 NOTE

Check Details

Version: 0.2.1
Check: installed package size
Result: NOTE
     installed size is 8.5Mb
     sub-directories of 1Mb or more:
     libs 8.1Mb
Flavors: r-devel-linux-x86_64-fedora-clang, r-release-macos-arm64, r-release-macos-x86_64, r-oldrel-macos-arm64, r-oldrel-macos-x86_64, r-oldrel-windows-ix86+x86_64