CRAN Package Check Results for Package fromo

Last updated on 2024-02-25 06:08:29 CET.

Flavor Version Tinstall Tcheck Ttotal Status Flags
r-devel-linux-x86_64-debian-clang 0.2.1 402.58 50.40 452.98 OK
r-devel-linux-x86_64-debian-gcc 0.2.1 308.92 49.41 358.33 OK
r-devel-linux-x86_64-fedora-clang 0.2.1 568.93 NOTE
r-devel-linux-x86_64-fedora-gcc 0.2.1 686.88 OK
r-devel-windows-x86_64 0.2.1 228.00 114.00 342.00 OK
r-patched-linux-x86_64 0.2.1 352.74 64.36 417.10 OK
r-release-linux-x86_64 0.2.1 339.91 62.69 402.60 OK
r-release-macos-arm64 0.2.1 162.00 NOTE
r-release-macos-x86_64 0.2.1 278.00 NOTE
r-release-windows-x86_64 0.2.1 203.00 131.00 334.00 OK
r-oldrel-macos-arm64 0.2.1 150.00 NOTE
r-oldrel-windows-x86_64 0.2.1 263.00 119.00 382.00 OK

Check Details

Version: 0.2.1
Check: installed package size
Result: NOTE installed size is 8.0Mb sub-directories of 1Mb or more: libs 7.5Mb Flavors: r-devel-linux-x86_64-fedora-clang, r-release-macos-arm64, r-release-macos-x86_64, r-oldrel-macos-arm64