CRAN Package Check Results for Package fs

Last updated on 2019-09-19 05:47:17 CEST.

Flavor Version Tinstall Tcheck Ttotal Status Flags
r-devel-linux-x86_64-debian-clang 1.3.1 81.36 42.03 123.39 NOTE
r-devel-linux-x86_64-debian-gcc 1.3.1 54.44 37.98 92.42 NOTE
r-devel-linux-x86_64-fedora-clang 1.3.1 185.92 NOTE
r-devel-linux-x86_64-fedora-gcc 1.3.1 164.26 NOTE
r-devel-windows-ix86+x86_64 1.3.1 296.00 83.00 379.00 NOTE
r-patched-linux-x86_64 1.3.1 64.18 47.10 111.28 NOTE
r-patched-solaris-x86 1.3.1 147.50 NOTE
r-release-linux-x86_64 1.3.1 62.78 47.44 110.22 NOTE
r-release-windows-ix86+x86_64 1.3.1 204.00 79.00 283.00 NOTE
r-release-osx-x86_64 1.3.1 NOTE
r-oldrel-windows-ix86+x86_64 1.3.1 172.00 76.00 248.00 NOTE
r-oldrel-osx-x86_64 1.3.1 NOTE

Check Details

Version: 1.3.1
Check: for GNU extensions in Makefiles
Result: NOTE
    GNU make is a SystemRequirements.
Flavors: r-devel-linux-x86_64-debian-clang, r-devel-linux-x86_64-debian-gcc, r-devel-linux-x86_64-fedora-clang, r-devel-linux-x86_64-fedora-gcc, r-devel-windows-ix86+x86_64, r-patched-linux-x86_64, r-patched-solaris-x86, r-release-linux-x86_64, r-release-windows-ix86+x86_64, r-release-osx-x86_64, r-oldrel-windows-ix86+x86_64, r-oldrel-osx-x86_64