CRAN Package Check Results for Package fstcore

Last updated on 2022-01-24 05:51:50 CET.

Flavor Version Tinstall Tcheck Ttotal Status Flags
r-devel-linux-x86_64-debian-clang 0.9.6 121.55 36.79 158.34 NOTE
r-devel-linux-x86_64-debian-gcc 0.9.6 90.10 28.89 118.99 NOTE
r-devel-linux-x86_64-fedora-clang 0.9.6 260.79 NOTE
r-devel-linux-x86_64-fedora-gcc 0.9.6 200.20 NOTE
r-devel-windows-x86_64-new-UL 0.9.6 187.00 89.00 276.00 NOTE
r-devel-windows-x86_64-new-TK 0.9.6 NOTE
r-patched-linux-x86_64 0.9.6 103.24 35.33 138.57 NOTE
r-release-linux-x86_64 0.9.6 94.82 35.82 130.64 NOTE
r-release-macos-arm64 0.9.6 ERROR
r-release-macos-x86_64 0.9.6 NOTE
r-release-windows-ix86+x86_64 0.9.6 275.00 83.00 358.00 NOTE
r-oldrel-macos-x86_64 0.9.6 NOTE
r-oldrel-windows-ix86+x86_64 0.9.6 277.00 80.00 357.00 OK

Check Details

Version: 0.9.6
Check: LazyData
Result: NOTE
     'LazyData' is specified without a 'data' directory
Flavors: r-devel-linux-x86_64-debian-clang, r-devel-linux-x86_64-debian-gcc, r-devel-linux-x86_64-fedora-clang, r-devel-linux-x86_64-fedora-gcc, r-devel-windows-x86_64-new-UL, r-devel-windows-x86_64-new-TK, r-patched-linux-x86_64, r-release-linux-x86_64, r-release-macos-x86_64, r-release-windows-ix86+x86_64

Version: 0.9.6
Check: installed package size
Result: NOTE
     installed size is 6.2Mb
     sub-directories of 1Mb or more:
     libs 6.1Mb
Flavors: r-devel-linux-x86_64-fedora-clang, r-release-macos-x86_64, r-oldrel-macos-x86_64

Version: 0.9.6
Check: whether package can be installed
Result: ERROR
    Installation failed.
Flavor: r-release-macos-arm64