CRAN Package Check Results for Package fts

Last updated on 2021-01-18 05:47:24 CET.

Flavor Version Tinstall Tcheck Ttotal Status Flags
r-devel-linux-x86_64-debian-clang 0.9.9.2 30.34 27.16 57.50 OK
r-devel-linux-x86_64-debian-gcc 0.9.9.2 23.62 21.20 44.82 OK
r-devel-linux-x86_64-fedora-clang 0.9.9.2 88.48 NOTE
r-devel-linux-x86_64-fedora-gcc 0.9.9.2 78.94 NOTE
r-devel-windows-ix86+x86_64 0.9.9.2 64.00 49.00 113.00 OK
r-patched-linux-x86_64 0.9.9.2 28.70 25.46 54.16 OK
r-patched-solaris-x86 0.9.9.2 122.10 OK
r-release-linux-x86_64 0.9.9.2 27.81 25.53 53.34 OK
r-release-macos-x86_64 0.9.9.2 OK
r-release-windows-ix86+x86_64 0.9.9.2 61.00 51.00 112.00 OK
r-oldrel-macos-x86_64 0.9.9.2 OK
r-oldrel-windows-ix86+x86_64 0.9.9.2 76.00 53.00 129.00 OK

Additional issues

clang-UBSAN gcc-UBSAN

Check Details

Version: 0.9.9.2
Check: installed package size
Result: NOTE
     installed size is 5.5Mb
     sub-directories of 1Mb or more:
     libs 5.3Mb
Flavor: r-devel-linux-x86_64-fedora-clang

Version: 0.9.9.2
Check: compiled code
Result: NOTE
    File ‘fts/libs/fts.so’:
     Found no calls to: ‘R_registerRoutines’, ‘R_useDynamicSymbols’
    
    It is good practice to register native routines and to disable symbol
    search.
    
    See ‘Writing portable packages’ in the ‘Writing R Extensions’ manual.
Flavors: r-devel-linux-x86_64-fedora-clang, r-devel-linux-x86_64-fedora-gcc