CRAN Package Check Results for Package fulltext

Last updated on 2020-02-16 05:47:53 CET.

Flavor Version Tinstall Tcheck Ttotal Status Flags
r-devel-linux-x86_64-debian-clang 1.4.0 12.58 84.44 97.02 OK
r-devel-linux-x86_64-debian-gcc 1.4.0 9.93 64.37 74.30 OK
r-devel-linux-x86_64-fedora-clang 1.4.0 115.41 OK
r-devel-linux-x86_64-fedora-gcc 1.4.0 111.22 OK
r-devel-windows-ix86+x86_64 1.4.0 29.00 104.00 133.00 OK
r-devel-windows-ix86+x86_64-gcc8 1.4.0 45.00 155.00 200.00 OK
r-patched-linux-x86_64 1.4.0 10.14 71.89 82.03 OK
r-patched-solaris-x86 1.4.0 153.10 OK
r-release-linux-x86_64 1.4.0 11.06 71.52 82.58 OK
r-release-windows-ix86+x86_64 1.4.0 26.00 88.00 114.00 OK
r-release-osx-x86_64 1.4.0 ERROR
r-oldrel-windows-ix86+x86_64 1.4.0 17.00 86.00 103.00 OK
r-oldrel-osx-x86_64 1.4.0 ERROR

Check Details

Version: 1.4.0
Check: whether package can be installed
Result: ERROR
    Installation failed.
Flavors: r-release-osx-x86_64, r-oldrel-osx-x86_64