CRAN Package Check Results for Package funLBM

Last updated on 2024-07-21 06:52:09 CEST.

Flavor Version Tinstall Tcheck Ttotal Status Flags
r-devel-linux-x86_64-debian-clang 2.3 15.08 111.84 126.92 NOTE
r-devel-linux-x86_64-debian-gcc 2.3 10.80 81.74 92.54 NOTE
r-devel-linux-x86_64-fedora-clang 2.3 154.42 NOTE
r-devel-linux-x86_64-fedora-gcc 2.3 141.70 NOTE
r-devel-windows-x86_64 2.3 12.00 98.00 110.00 NOTE
r-patched-linux-x86_64 2.3 18.49 105.21 123.70 NOTE
r-release-linux-x86_64 2.3 10.34 103.27 113.61 NOTE
r-release-macos-arm64 2.3 46.00 NOTE
r-release-macos-x86_64 2.3 71.00 NOTE
r-release-windows-x86_64 2.3 12.00 100.00 112.00 NOTE
r-oldrel-macos-arm64 2.3 51.00 OK
r-oldrel-macos-x86_64 2.3 67.00 OK
r-oldrel-windows-x86_64 2.3 15.00 113.00 128.00 OK

Check Details

Version: 2.3
Check: Rd files
Result: NOTE checkRd: (-1) plot.fd.Rd:69-71: Lost braces in \itemize; meant \describe ? checkRd: (-1) plot.fd.Rd:72-77: Lost braces in \itemize; meant \describe ? Flavors: r-devel-linux-x86_64-debian-clang, r-devel-linux-x86_64-debian-gcc, r-devel-linux-x86_64-fedora-clang, r-devel-linux-x86_64-fedora-gcc, r-devel-windows-x86_64, r-patched-linux-x86_64, r-release-linux-x86_64, r-release-macos-arm64, r-release-macos-x86_64, r-release-windows-x86_64

Version: 2.3
Check: Rd cross-references
Result: NOTE Found the following Rd file(s) with Rd \link{} targets missing package anchors: plot.fd.Rd: lines.fd, plotfit.fd Please provide package anchors for all Rd \link{} targets not in the package itself and the base packages. Flavors: r-devel-linux-x86_64-debian-gcc, r-devel-windows-x86_64