CRAN Package Check Results for Package funspace

Last updated on 2024-06-13 06:58:02 CEST.

Flavor Version Tinstall Tcheck Ttotal Status Flags
r-devel-linux-x86_64-debian-clang 0.2.1 16.65 152.45 169.10 OK
r-devel-linux-x86_64-debian-gcc 0.2.1 0.37 1.62 1.99 ERROR
r-devel-linux-x86_64-fedora-clang 0.2.1 210.26 OK
r-devel-linux-x86_64-fedora-gcc 0.2.1 197.22 OK
r-devel-windows-x86_64 0.2.1 14.00 125.00 139.00 OK
r-patched-linux-x86_64 0.2.1 14.79 146.53 161.32 OK
r-release-linux-x86_64 0.2.1 12.31 141.81 154.12 OK
r-release-macos-arm64 0.2.1 61.00 OK
r-release-macos-x86_64 0.2.1 154.00 OK
r-release-windows-x86_64 0.2.1 17.00 129.00 146.00 OK
r-oldrel-macos-arm64 0.2.1 63.00 OK
r-oldrel-macos-x86_64 0.2.1 184.00 OK
r-oldrel-windows-x86_64 0.2.1 21.00 150.00 171.00 OK

Check Details

Version: 0.2.1
Check: package dependencies
Result: ERROR Packages required but not available: 'phytools', 'viridis' Package suggested but not available for checking: ‘testthat’ See section ‘The DESCRIPTION file’ in the ‘Writing R Extensions’ manual. Flavor: r-devel-linux-x86_64-debian-gcc