CRAN Package Check Results for Package fuser

Last updated on 2019-07-16 05:48:13 CEST.

Flavor Version Tinstall Tcheck Ttotal Status Flags
r-devel-linux-x86_64-debian-clang 1.0.1 27.94 94.34 122.28 OK
r-devel-linux-x86_64-debian-gcc 1.0.1 26.66 75.93 102.59 OK
r-devel-linux-x86_64-fedora-clang 1.0.1 160.87 OK
r-devel-linux-x86_64-fedora-gcc 1.0.1 165.23 OK
r-devel-windows-ix86+x86_64 1.0.1 76.00 214.00 290.00 OK
r-patched-linux-x86_64 1.0.1 29.97 93.92 123.89 OK
r-patched-solaris-x86 1.0.1 260.90 OK
r-release-linux-x86_64 1.0.1 29.72 93.28 123.00 OK
r-release-windows-ix86+x86_64 1.0.1 56.00 203.00 259.00 OK
r-release-osx-x86_64 1.0.1 NOTE
r-oldrel-windows-ix86+x86_64 1.0.1 72.00 155.00 227.00 OK
r-oldrel-osx-x86_64 1.0.1 NOTE

Check Details

Version: 1.0.1
Check: installed package size
Result: NOTE
     installed size is 5.2Mb
     sub-directories of 1Mb or more:
     libs 4.9Mb
Flavors: r-release-osx-x86_64, r-oldrel-osx-x86_64