CRAN Package Check Results for Package fuser

Last updated on 2019-05-20 05:48:19 CEST.

Flavor Version Tinstall Tcheck Ttotal Status Flags
r-devel-linux-x86_64-debian-clang 1.0.1 29.00 95.85 124.85 OK
r-devel-linux-x86_64-debian-gcc 1.0.1 25.79 74.35 100.14 OK
r-devel-linux-x86_64-fedora-clang 1.0.1 162.34 OK
r-devel-linux-x86_64-fedora-gcc 1.0.1 155.41 OK
r-devel-windows-ix86+x86_64 1.0.1 79.00 205.00 284.00 OK
r-patched-linux-x86_64 1.0.1 29.51 94.42 123.93 OK
r-patched-solaris-x86 1.0.1 251.00 OK
r-release-linux-x86_64 1.0.1 31.32 93.75 125.07 OK
r-release-windows-ix86+x86_64 1.0.1 76.00 210.00 286.00 OK
r-release-osx-x86_64 1.0.1 NOTE
r-oldrel-windows-ix86+x86_64 1.0.1 50.00 152.00 202.00 OK
r-oldrel-osx-x86_64 1.0.1 NOTE

Check Details

Version: 1.0.1
Check: installed package size
Result: NOTE
     installed size is 5.2Mb
     sub-directories of 1Mb or more:
     libs 4.9Mb
Flavors: r-release-osx-x86_64, r-oldrel-osx-x86_64