CRAN Package Check Results for Package future.BatchJobs

Last updated on 2019-05-26 05:46:45 CEST.

Flavor Version Tinstall Tcheck Ttotal Status Flags
r-devel-linux-x86_64-debian-clang 0.16.1 5.34 314.37 319.71 OK
r-devel-linux-x86_64-debian-gcc 0.16.1 4.44 246.62 251.06 OK
r-devel-linux-x86_64-fedora-clang 0.16.1 367.40 OK
r-devel-linux-x86_64-fedora-gcc 0.16.1 363.36 OK
r-devel-windows-ix86+x86_64 0.16.1 12.00 524.00 536.00 OK
r-patched-linux-x86_64 0.16.1 OK
r-patched-solaris-x86 0.16.1 105.90 OK --no-tests
r-release-linux-x86_64 0.16.1 5.66 306.01 311.67 OK
r-release-windows-ix86+x86_64 0.16.1 19.00 358.00 377.00 OK
r-release-osx-x86_64 0.16.1 OK
r-oldrel-windows-ix86+x86_64 0.16.1 11.00 368.00 379.00 OK
r-oldrel-osx-x86_64 0.16.1 OK

Check Details

Version: 0.16.1
Check: tests
Result: FAIL
    
Flavor: r-release-osx-x86_64