CRAN Package Check Results for Package fxregime

Last updated on 2024-06-13 06:58:02 CEST.

Flavor Version Tinstall Tcheck Ttotal Status Flags
r-devel-linux-x86_64-debian-clang 1.0-4 5.45 47.68 53.13 OK --no-vignettes
r-devel-linux-x86_64-debian-gcc 1.0-4 0.36 1.78 2.14 ERROR --no-vignettes
r-devel-linux-x86_64-fedora-clang 1.0-4 835.66 OK
r-devel-linux-x86_64-fedora-gcc 1.0-4 765.34 OK
r-devel-windows-x86_64 1.0-4 5.00 72.00 77.00 OK --no-vignettes
r-patched-linux-x86_64 1.0-4 3.84 45.66 49.50 OK --no-vignettes
r-release-linux-x86_64 1.0-4 4.98 46.48 51.46 OK --no-vignettes
r-release-macos-arm64 1.0-4 198.00 OK
r-release-macos-x86_64 1.0-4 299.00 OK
r-release-windows-x86_64 1.0-4 6.00 56.00 62.00 OK --no-vignettes
r-oldrel-macos-arm64 1.0-4 433.00 OK
r-oldrel-macos-x86_64 1.0-4 658.00 OK
r-oldrel-windows-x86_64 1.0-4 6.00 65.00 71.00 OK --no-vignettes

Check Details

Version: 1.0-4
Flags: --no-vignettes
Check: package dependencies
Result: ERROR Package required but not available: ‘car’ See section ‘The DESCRIPTION file’ in the ‘Writing R Extensions’ manual. Flavor: r-devel-linux-x86_64-debian-gcc