CRAN Package Check Results for Package fxregime

Last updated on 2019-12-09 05:47:12 CET.

Flavor Version Tinstall Tcheck Ttotal Status Flags
r-devel-linux-x86_64-debian-clang 1.0-3 7.25 56.81 64.06 NOTE --no-vignettes
r-devel-linux-x86_64-debian-gcc 1.0-3 5.82 44.71 50.53 NOTE --no-vignettes
r-devel-linux-x86_64-fedora-clang 1.0-3 760.21 NOTE
r-devel-linux-x86_64-fedora-gcc 1.0-3 741.16 NOTE
r-devel-windows-ix86+x86_64 1.0-3 19.00 98.00 117.00 NOTE --no-vignettes
r-devel-windows-ix86+x86_64-gcc8 1.0-3 17.00 65.00 82.00 NOTE --no-vignettes
r-patched-linux-x86_64 1.0-3 5.59 50.68 56.27 NOTE --no-vignettes
r-patched-solaris-x86 1.0-3 1133.40 NOTE
r-release-linux-x86_64 1.0-3 5.24 51.31 56.55 NOTE --no-vignettes
r-release-windows-ix86+x86_64 1.0-3 14.00 72.00 86.00 NOTE --no-vignettes
r-release-osx-x86_64 1.0-3 FAIL
r-oldrel-windows-ix86+x86_64 1.0-3 11.00 91.00 102.00 NOTE --no-vignettes
r-oldrel-osx-x86_64 1.0-3 NOTE

Check Details

Version: 1.0-3
Flags: --no-vignettes
Check: dependencies in R code
Result: NOTE
    'library' or 'require' call to 'foreach' in package code.
     Please use :: or requireNamespace() instead.
     See section 'Suggested packages' in the 'Writing R Extensions' manual.
Flavors: r-devel-linux-x86_64-debian-clang, r-devel-linux-x86_64-debian-gcc, r-devel-windows-ix86+x86_64, r-devel-windows-ix86+x86_64-gcc8, r-patched-linux-x86_64, r-release-linux-x86_64, r-release-windows-ix86+x86_64, r-oldrel-windows-ix86+x86_64

Version: 1.0-3
Flags: --no-vignettes
Check: R code for possible problems
Result: NOTE
    fxreturns: no visible binding for global variable 'FXRatesCHF'
    fxreturns : <anonymous>: no visible global function definition for
     'tail'
    gbreakpoints: no visible global function definition for '%dopar%'
    gbreakpoints: no visible global function definition for 'foreach'
    Undefined global functions or variables:
     %dopar% FXRatesCHF foreach tail
    Consider adding
     importFrom("utils", "tail")
    to your NAMESPACE file.
Flavors: r-devel-linux-x86_64-debian-clang, r-devel-linux-x86_64-debian-gcc, r-devel-windows-ix86+x86_64, r-devel-windows-ix86+x86_64-gcc8, r-patched-linux-x86_64, r-release-linux-x86_64, r-release-windows-ix86+x86_64, r-oldrel-windows-ix86+x86_64

Version: 1.0-3
Check: dependencies in R code
Result: NOTE
    'library' or 'require' call to ‘foreach’ in package code.
     Please use :: or requireNamespace() instead.
     See section 'Suggested packages' in the 'Writing R Extensions' manual.
Flavors: r-devel-linux-x86_64-fedora-clang, r-devel-linux-x86_64-fedora-gcc, r-patched-solaris-x86, r-release-osx-x86_64, r-oldrel-osx-x86_64

Version: 1.0-3
Check: R code for possible problems
Result: NOTE
    fxreturns: no visible binding for global variable ‘FXRatesCHF’
    fxreturns : <anonymous>: no visible global function definition for
     ‘tail’
    gbreakpoints: no visible global function definition for ‘%dopar%’
    gbreakpoints: no visible global function definition for ‘foreach’
    Undefined global functions or variables:
     %dopar% FXRatesCHF foreach tail
    Consider adding
     importFrom("utils", "tail")
    to your NAMESPACE file.
Flavors: r-devel-linux-x86_64-fedora-clang, r-devel-linux-x86_64-fedora-gcc, r-patched-solaris-x86, r-release-osx-x86_64, r-oldrel-osx-x86_64

Version: 1.0-3
Check: re-building of vignette outputs
Result: FAIL
Flavor: r-release-osx-x86_64