CRAN Package Check Results for Package g3viz

Last updated on 2021-11-30 05:53:19 CET.

Flavor Version Tinstall Tcheck Ttotal Status Flags
r-devel-linux-x86_64-debian-clang 1.1.4 4.63 63.92 68.55 OK
r-devel-linux-x86_64-debian-gcc 1.1.4 3.44 47.45 50.89 OK
r-devel-linux-x86_64-fedora-clang 1.1.4 94.00 NOTE
r-devel-linux-x86_64-fedora-gcc 1.1.4 88.30 OK
r-devel-windows-x86_64-new-UL 1.1.4 17.00 163.00 180.00 NOTE
r-devel-windows-x86_64-new-TK 1.1.4 OK
r-devel-windows-x86_64-old 1.1.4 8.00 100.00 108.00 NOTE
r-patched-linux-x86_64 1.1.4 4.85 62.99 67.84 OK
r-patched-solaris-x86 1.1.4 77.90 NOTE
r-release-linux-x86_64 1.1.4 4.30 62.33 66.63 OK
r-release-macos-arm64 1.1.4 NOTE
r-release-macos-x86_64 1.1.4 NOTE
r-release-windows-ix86+x86_64 1.1.4 9.00 94.00 103.00 NOTE
r-oldrel-macos-x86_64 1.1.4 NOTE
r-oldrel-windows-ix86+x86_64 1.1.4 8.00 94.00 102.00 NOTE

Check Details

Version: 1.1.4
Check: installed package size
Result: NOTE
     installed size is 11.2Mb
     sub-directories of 1Mb or more:
     doc 9.9Mb
Flavors: r-devel-linux-x86_64-fedora-clang, r-devel-windows-x86_64-new-UL, r-devel-windows-x86_64-old, r-patched-solaris-x86, r-release-macos-arm64, r-release-macos-x86_64, r-release-windows-ix86+x86_64, r-oldrel-macos-x86_64, r-oldrel-windows-ix86+x86_64