CRAN Package Check Results for Package gWQS

Last updated on 2021-01-22 05:50:29 CET.

Flavor Version Tinstall Tcheck Ttotal Status Flags
r-devel-linux-x86_64-debian-clang 3.0.1 9.84 114.16 124.00 OK
r-devel-linux-x86_64-debian-gcc 3.0.1 8.57 83.53 92.10 OK
r-devel-linux-x86_64-fedora-clang 3.0.1 151.18 NOTE
r-devel-linux-x86_64-fedora-gcc 3.0.1 142.51 NOTE
r-devel-windows-ix86+x86_64 3.0.1 26.00 137.00 163.00 OK
r-patched-linux-x86_64 3.0.1 9.96 105.42 115.38 OK
r-patched-solaris-x86 3.0.1 203.90 NOTE
r-release-linux-x86_64 3.0.1 8.55 105.09 113.64 OK
r-release-macos-x86_64 3.0.1 NOTE
r-release-windows-ix86+x86_64 3.0.1 30.00 141.00 171.00 OK
r-oldrel-macos-x86_64 3.0.1 NOTE
r-oldrel-windows-ix86+x86_64 3.0.1 14.00 101.00 115.00 OK

Check Details

Version: 3.0.1
Check: dependencies in R code
Result: NOTE
    Namespace in Imports field not imported from: ‘dplyr’
     All declared Imports should be used.
Flavors: r-devel-linux-x86_64-fedora-clang, r-devel-linux-x86_64-fedora-gcc, r-patched-solaris-x86, r-release-macos-x86_64, r-oldrel-macos-x86_64