CRAN Package Check Results for Package gWidgetstcltk

Last updated on 2020-04-07 05:47:23 CEST.

Flavor Version Tinstall Tcheck Ttotal Status Flags
r-devel-linux-x86_64-debian-clang 0.0-55 40.19 86.12 126.31 NOTE
r-devel-linux-x86_64-debian-gcc 0.0-55 29.95 66.39 96.34 NOTE
r-devel-linux-x86_64-fedora-clang 0.0-55 149.40 NOTE
r-devel-linux-x86_64-fedora-gcc 0.0-55 154.64 NOTE
r-devel-windows-ix86+x86_64 0.0-55 57.00 88.00 145.00 NOTE
r-devel-windows-ix86+x86_64-gcc8 0.0-55 44.00 87.00 131.00 NOTE
r-patched-linux-x86_64 0.0-55 37.54 84.26 121.80 NOTE
r-patched-solaris-x86 0.0-55 216.30 NOTE
r-release-linux-x86_64 0.0-55 33.70 76.58 110.28 NOTE
r-release-windows-ix86+x86_64 0.0-55 35.00 111.00 146.00 NOTE
r-release-osx-x86_64 0.0-55 NOTE
r-oldrel-windows-ix86+x86_64 0.0-55 49.00 71.00 120.00 NOTE
r-oldrel-osx-x86_64 0.0-55 NOTE

Check Details

Version: 0.0-55
Check: R code for possible problems
Result: NOTE
    browseDataAsCSV: no visible global function definition for 'write.csv'
    browseDataAsCSV: no visible global function definition for 'browseURL'
    tcltkDialog: no visible global function definition for 'runif'
    tl_get_column_name: no visible global function definition for 'tail'
    .add,gTexttcltk-guiWidgetsToolkittcltk-character: no visible global
     function definition for 'rnorm'
    .font<-,gTexttcltk-guiWidgetsToolkittcltk: no visible global function
     definition for 'rnorm'
    .font<-,tcltkObject-guiWidgetsToolkittcltk: no visible global function
     definition for 'rnorm'
    .gdf,guiWidgetsToolkittcltk: no visible global function definition for
     'head'
    .visible<-,gGraphicstcltk-guiWidgetsToolkittcltk-ANY: no visible global
     function definition for 'dev.set'
    Undefined global functions or variables:
     browseURL dev.set head rnorm runif tail write.csv
    Consider adding
     importFrom("grDevices", "dev.set")
     importFrom("stats", "rnorm", "runif")
     importFrom("utils", "browseURL", "head", "tail", "write.csv")
    to your NAMESPACE file.
Flavors: r-devel-linux-x86_64-debian-clang, r-devel-linux-x86_64-debian-gcc, r-devel-linux-x86_64-fedora-clang, r-devel-linux-x86_64-fedora-gcc, r-devel-windows-ix86+x86_64, r-devel-windows-ix86+x86_64-gcc8, r-patched-linux-x86_64, r-patched-solaris-x86, r-release-linux-x86_64, r-release-windows-ix86+x86_64, r-release-osx-x86_64, r-oldrel-windows-ix86+x86_64, r-oldrel-osx-x86_64