Last updated on 2022-05-28 05:53:08 CEST.
Flavor | Version | Tinstall | Tcheck | Ttotal | Status | Flags |
---|---|---|---|---|---|---|
r-devel-linux-x86_64-debian-clang | 0.0.4 | 5.36 | 105.39 | 110.75 | OK | |
r-devel-linux-x86_64-debian-gcc | 0.0.4 | 4.65 | 78.65 | 83.30 | OK | |
r-devel-linux-x86_64-fedora-clang | 0.0.4 | 127.16 | NOTE | |||
r-devel-linux-x86_64-fedora-gcc | 0.0.4 | 128.44 | NOTE | |||
r-devel-windows-x86_64 | 0.0.4 | 24.00 | 117.00 | 141.00 | OK | |
r-patched-linux-x86_64 | 0.0.4 | 6.45 | 101.43 | 107.88 | OK | |
r-release-linux-x86_64 | 0.0.4 | 5.32 | 100.32 | 105.64 | OK | |
r-release-macos-arm64 | 0.0.4 | 31.00 | NOTE | |||
r-release-macos-x86_64 | 0.0.4 | 64.00 | NOTE | |||
r-release-windows-x86_64 | 0.0.4 | 25.00 | 120.00 | 145.00 | OK | |
r-oldrel-macos-arm64 | 0.0.4 | 31.00 | NOTE | |||
r-oldrel-macos-x86_64 | 0.0.4 | 55.00 | NOTE | |||
r-oldrel-windows-ix86+x86_64 | 0.0.4 | 15.00 | 113.00 | 128.00 | OK |
Version: 0.0.4
Check: dependencies in R code
Result: NOTE
Namespace in Imports field not imported from: ‘maptools’
All declared Imports should be used.
Flavors: r-devel-linux-x86_64-fedora-clang, r-devel-linux-x86_64-fedora-gcc, r-release-macos-arm64, r-release-macos-x86_64, r-oldrel-macos-arm64, r-oldrel-macos-x86_64