CRAN Package Check Results for Package gamRR

Last updated on 2024-06-16 06:58:46 CEST.

Flavor Version Tinstall Tcheck Ttotal Status Flags
r-devel-linux-x86_64-debian-clang 0.7.0 6.16 63.07 69.23 NOTE
r-devel-linux-x86_64-debian-gcc 0.7.0 5.74 48.10 53.84 NOTE
r-devel-linux-x86_64-fedora-clang 0.7.0 87.88 NOTE
r-devel-linux-x86_64-fedora-gcc 0.7.0 83.74 NOTE
r-devel-windows-x86_64 0.7.0 6.00 61.00 67.00 NOTE
r-patched-linux-x86_64 0.7.0 5.74 60.21 65.95 NOTE
r-release-linux-x86_64 0.7.0 6.26 59.77 66.03 NOTE
r-release-macos-arm64 0.7.0 27.00 NOTE
r-release-macos-x86_64 0.7.0 44.00 NOTE
r-release-windows-x86_64 0.7.0 7.00 63.00 70.00 NOTE
r-oldrel-macos-arm64 0.7.0 30.00 NOTE
r-oldrel-macos-x86_64 0.7.0 46.00 NOTE
r-oldrel-windows-x86_64 0.7.0 8.00 70.00 78.00 NOTE

Check Details

Version: 0.7.0
Check: LazyData
Result: NOTE 'LazyData' is specified without a 'data' directory Flavors: r-devel-linux-x86_64-debian-clang, r-devel-linux-x86_64-debian-gcc, r-devel-linux-x86_64-fedora-clang, r-devel-linux-x86_64-fedora-gcc, r-devel-windows-x86_64, r-patched-linux-x86_64, r-release-linux-x86_64, r-release-macos-arm64, r-release-macos-x86_64, r-release-windows-x86_64, r-oldrel-macos-arm64, r-oldrel-macos-x86_64, r-oldrel-windows-x86_64