CRAN Package Check Results for Package gap

Last updated on 2019-09-15 05:46:14 CEST.

Flavor Version Tinstall Tcheck Ttotal Status Flags
r-devel-linux-x86_64-debian-clang 1.2.1 20.77 95.48 116.25 WARN
r-devel-linux-x86_64-debian-gcc 1.2.1 15.61 73.09 88.70 WARN
r-devel-linux-x86_64-fedora-clang 1.2.1 138.79 OK
r-devel-linux-x86_64-fedora-gcc 1.2.1 135.52 WARN
r-devel-windows-ix86+x86_64 1.2.1 89.00 145.00 234.00 OK
r-patched-linux-x86_64 1.2.1 17.42 95.29 112.71 OK
r-patched-solaris-x86 1.2.1 150.90 OK
r-release-linux-x86_64 1.2.1 17.50 94.80 112.30 OK
r-release-windows-ix86+x86_64 1.2.1 46.00 100.00 146.00 OK
r-release-osx-x86_64 1.2.1 OK
r-oldrel-windows-ix86+x86_64 1.2.1 67.00 93.00 160.00 OK
r-oldrel-osx-x86_64 1.2.1 OK

Check Details

Version: 1.2.1
Check: whether package can be installed
Result: WARN
    Found the following significant warnings:
     gcx.c:1498:1: warning: ignoring return value of function declared with 'warn_unused_result' attribute [-Wunused-result]
     gcx.c:1507:1: warning: ignoring return value of function declared with 'warn_unused_result' attribute [-Wunused-result]
     makeped_c.c:165:3: warning: ignoring return value of function declared with 'warn_unused_result' attribute [-Wunused-result]
     makeped_c.c:179:3: warning: ignoring return value of function declared with 'warn_unused_result' attribute [-Wunused-result]
     makeped_c.c:264:5: warning: ignoring return value of function declared with 'warn_unused_result' attribute [-Wunused-result]
     makeped_c.c:343:5: warning: ignoring return value of function declared with 'warn_unused_result' attribute [-Wunused-result]
     makeped_c.c:497:9: warning: ignoring return value of function declared with 'warn_unused_result' attribute [-Wunused-result]
     makeped_c.c:486:5: warning: ignoring return value of function declared with 'warn_unused_result' attribute [-Wunused-result]
     makeped_c.c:464:3: warning: ignoring return value of function declared with 'warn_unused_result' attribute [-Wunused-result]
     makeped_c.c:617:7: warning: ignoring return value of function declared with 'warn_unused_result' attribute [-Wunused-result]
     makeped_c.c:611:3: warning: ignoring return value of function declared with 'warn_unused_result' attribute [-Wunused-result]
     makeped_c.c:813:4: warning: ignoring return value of function declared with 'warn_unused_result' attribute [-Wunused-result]
     makeped_c.c:814:4: warning: ignoring return value of function declared with 'warn_unused_result' attribute [-Wunused-result]
     makeped_c.c:1055:7: warning: ignoring return value of function declared with 'warn_unused_result' attribute [-Wunused-result]
     makeped_c.c:1049:3: warning: ignoring return value of function declared with 'warn_unused_result' attribute [-Wunused-result]
     makeped_c.c:1179:8: warning: ignoring return value of function declared with 'warn_unused_result' attribute [-Wunused-result]
     makeped_c.c:1180:8: warning: ignoring return value of function declared with 'warn_unused_result' attribute [-Wunused-result]
     makeped_c.c:1411:3: warning: ignoring return value of function declared with 'warn_unused_result' attribute [-Wunused-result]
     mia.c:57:7: warning: ignoring return value of function declared with 'warn_unused_result' attribute [-Wunused-result]
     mia.c:99:9: warning: ignoring return value of function declared with 'warn_unused_result' attribute [-Wunused-result]
     mia.c:200:9: warning: ignoring return value of function declared with 'warn_unused_result' attribute [-Wunused-result]
     mia.c:245:9: warning: ignoring return value of function declared with 'warn_unused_result' attribute [-Wunused-result]
     pgc_c.c:195:1: warning: ignoring return value of function declared with 'warn_unused_result' attribute [-Wunused-result]
     pgc_c.c:202:1: warning: ignoring return value of function declared with 'warn_unused_result' attribute [-Wunused-result]
     pgc_c.c:205:1: warning: ignoring return value of function declared with 'warn_unused_result' attribute [-Wunused-result]
     pgc_c.c:207:1: warning: ignoring return value of function declared with 'warn_unused_result' attribute [-Wunused-result]
     pgc_c.c:210:1: warning: ignoring return value of function declared with 'warn_unused_result' attribute [-Wunused-result]
     pgc_c.c:435:1: warning: ignoring return value of function declared with 'warn_unused_result' attribute [-Wunused-result]
     pgc_c.c:442:1: warning: ignoring return value of function declared with 'warn_unused_result' attribute [-Wunused-result]
     pgc_c.c:445:1: warning: ignoring return value of function declared with 'warn_unused_result' attribute [-Wunused-result]
     pgc_c.c:447:1: warning: ignoring return value of function declared with 'warn_unused_result' attribute [-Wunused-result]
     pgc_c.c:450:1: warning: ignoring return value of function declared with 'warn_unused_result' attribute [-Wunused-result]
Flavor: r-devel-linux-x86_64-debian-clang

Version: 1.2.1
Check: whether package can be installed
Result: WARN
    Found the following significant warnings:
     gcx.c:1498:1: warning: ignoring return value of ‘fgets’, declared with attribute warn_unused_result [-Wunused-result]
     gcx.c:1507:1: warning: ignoring return value of ‘fgets’, declared with attribute warn_unused_result [-Wunused-result]
     makeped_c.c:165:3: warning: ignoring return value of ‘fscanf’, declared with attribute warn_unused_result [-Wunused-result]
     makeped_c.c:179:3: warning: ignoring return value of ‘fscanf’, declared with attribute warn_unused_result [-Wunused-result]
     makeped_c.c:264:5: warning: ignoring return value of ‘fscanf’, declared with attribute warn_unused_result [-Wunused-result]
     makeped_c.c:343:5: warning: ignoring return value of ‘fscanf’, declared with attribute warn_unused_result [-Wunused-result]
     makeped_c.c:464:3: warning: ignoring return value of ‘fscanf’, declared with attribute warn_unused_result [-Wunused-result]
     makeped_c.c:486:5: warning: ignoring return value of ‘fscanf’, declared with attribute warn_unused_result [-Wunused-result]
     makeped_c.c:497:9: warning: ignoring return value of ‘fscanf’, declared with attribute warn_unused_result [-Wunused-result]
     makeped_c.c:611:3: warning: ignoring return value of ‘fscanf’, declared with attribute warn_unused_result [-Wunused-result]
     makeped_c.c:617:7: warning: ignoring return value of ‘fgets’, declared with attribute warn_unused_result [-Wunused-result]
     makeped_c.c:813:4: warning: ignoring return value of ‘fscanf’, declared with attribute warn_unused_result [-Wunused-result]
     makeped_c.c:814:4: warning: ignoring return value of ‘fscanf’, declared with attribute warn_unused_result [-Wunused-result]
     makeped_c.c:1049:3: warning: ignoring return value of ‘fscanf’, declared with attribute warn_unused_result [-Wunused-result]
     makeped_c.c:1055:7: warning: ignoring return value of ‘fgets’, declared with attribute warn_unused_result [-Wunused-result]
     makeped_c.c:1179:8: warning: ignoring return value of ‘fscanf’, declared with attribute warn_unused_result [-Wunused-result]
     makeped_c.c:1180:8: warning: ignoring return value of ‘fscanf’, declared with attribute warn_unused_result [-Wunused-result]
     makeped_c.c:1411:3: warning: ignoring return value of ‘fscanf’, declared with attribute warn_unused_result [-Wunused-result]
     mia.c:57:7: warning: ignoring return value of ‘fgets’, declared with attribute warn_unused_result [-Wunused-result]
     mia.c:99:9: warning: ignoring return value of ‘fgets’, declared with attribute warn_unused_result [-Wunused-result]
     mia.c:200:9: warning: ignoring return value of ‘fgets’, declared with attribute warn_unused_result [-Wunused-result]
     mia.c:245:9: warning: ignoring return value of ‘fgets’, declared with attribute warn_unused_result [-Wunused-result]
     pgc_c.c:195:1: warning: ignoring return value of ‘fgets’, declared with attribute warn_unused_result [-Wunused-result]
     pgc_c.c:202:1: warning: ignoring return value of ‘fgets’, declared with attribute warn_unused_result [-Wunused-result]
     pgc_c.c:205:1: warning: ignoring return value of ‘fgets’, declared with attribute warn_unused_result [-Wunused-result]
     pgc_c.c:207:1: warning: ignoring return value of ‘fgets’, declared with attribute warn_unused_result [-Wunused-result]
     pgc_c.c:210:1: warning: ignoring return value of ‘fgets’, declared with attribute warn_unused_result [-Wunused-result]
     pgc_c.c:435:1: warning: ignoring return value of ‘fgets’, declared with attribute warn_unused_result [-Wunused-result]
     pgc_c.c:442:1: warning: ignoring return value of ‘fgets’, declared with attribute warn_unused_result [-Wunused-result]
     pgc_c.c:445:1: warning: ignoring return value of ‘fgets’, declared with attribute warn_unused_result [-Wunused-result]
     pgc_c.c:447:1: warning: ignoring return value of ‘fgets’, declared with attribute warn_unused_result [-Wunused-result]
     pgc_c.c:450:1: warning: ignoring return value of ‘fgets’, declared with attribute warn_unused_result [-Wunused-result]
Flavors: r-devel-linux-x86_64-debian-gcc, r-devel-linux-x86_64-fedora-gcc