CRAN Package Check Results for Package gap

Last updated on 2019-02-18 05:49:21 CET.

Flavor Version Tinstall Tcheck Ttotal Status Flags
r-devel-linux-x86_64-debian-clang 1.1-22 19.04 91.49 110.53 OK
r-devel-linux-x86_64-debian-gcc 1.1-22 14.34 70.76 85.10 WARN
r-devel-linux-x86_64-fedora-clang 1.1-22 135.49 OK
r-devel-linux-x86_64-fedora-gcc 1.1-22 128.71 WARN
r-devel-windows-ix86+x86_64 1.1-22 64.00 125.00 189.00 OK
r-patched-linux-x86_64 1.1-22 15.78 86.63 102.41 WARN
r-patched-solaris-x86 1.1-22 164.30 OK
r-release-linux-x86_64 1.1-22 WARN
r-release-windows-ix86+x86_64 1.1-22 48.00 124.00 172.00 OK
r-release-osx-x86_64 1.1-22 OK
r-oldrel-windows-ix86+x86_64 1.1-22 37.00 131.00 168.00 OK
r-oldrel-osx-x86_64 1.1-22 OK

Check Details

Version: 1.1-22
Check: whether package can be installed
Result: WARN
    Found the following significant warnings:
     hap_c.c:380:28: warning: ā€˜%03dā€™ directive writing between 3 and 10 bytes into a region of size between 0 and 127 [-Wformat-overflow=]
     hap_c.c:392:28: warning: ā€˜%03dā€™ directive writing between 3 and 10 bytes into a region of size between 0 and 127 [-Wformat-overflow=]
Flavors: r-devel-linux-x86_64-debian-gcc, r-devel-linux-x86_64-fedora-gcc, r-patched-linux-x86_64, r-release-linux-x86_64