CRAN Package Check Results for Package gaston

Last updated on 2022-09-24 05:51:04 CEST.

Flavor Version Tinstall Tcheck Ttotal Status Flags
r-devel-linux-x86_64-debian-clang 1.5.7 727.01 121.30 848.31 OK
r-devel-linux-x86_64-debian-gcc 1.5.7 598.20 104.22 702.42 OK
r-devel-linux-x86_64-fedora-clang 1.5.7 1203.88 NOTE
r-devel-linux-x86_64-fedora-gcc 1.5.7 1227.59 OK
r-devel-windows-x86_64 1.5.7 635.00 215.00 850.00 NOTE
r-patched-linux-x86_64 1.5.7 628.07 130.82 758.89 OK
r-release-linux-x86_64 1.5.7 612.10 131.00 743.10 OK
r-release-macos-arm64 1.5.7 277.00 NOTE
r-release-macos-x86_64 1.5.7 338.00 NOTE
r-release-windows-x86_64 1.5.7 602.00 209.00 811.00 NOTE
r-oldrel-macos-arm64 1.5.7 294.00 NOTE
r-oldrel-macos-x86_64 1.5.7 527.00 NOTE
r-oldrel-windows-ix86+x86_64 1.5.7 1622.00 241.00 1863.00 NOTE

Check Details

Version: 1.5.7
Check: installed package size
Result: NOTE
     installed size is 5.3Mb
     sub-directories of 1Mb or more:
     extdata 1.6Mb
     libs 1.9Mb
Flavors: r-devel-linux-x86_64-fedora-clang, r-devel-windows-x86_64, r-release-macos-arm64, r-release-macos-x86_64, r-release-windows-x86_64, r-oldrel-macos-arm64, r-oldrel-macos-x86_64, r-oldrel-windows-ix86+x86_64

Version: 1.5.7
Check: Rd cross-references
Result: NOTE
    Undeclared package ‘RcppEigen’ in Rd xrefs
Flavor: r-devel-linux-x86_64-fedora-clang