Last updated on 2021-01-19 05:48:01 CET.
Flavor | Version | Tinstall | Tcheck | Ttotal | Status | Flags |
---|---|---|---|---|---|---|
r-devel-linux-x86_64-debian-clang | 2.18.0 | 6.34 | 92.66 | 99.00 | OK | |
r-devel-linux-x86_64-debian-gcc | 2.18.0 | 4.93 | 69.10 | 74.03 | OK | |
r-devel-linux-x86_64-fedora-clang | 2.18.0 | 131.55 | NOTE | |||
r-devel-linux-x86_64-fedora-gcc | 2.18.0 | 121.76 | OK | |||
r-devel-windows-ix86+x86_64 | 2.18.0 | 7.00 | 119.00 | 126.00 | OK | |
r-patched-linux-x86_64 | 2.18.0 | 5.52 | 89.99 | 95.51 | OK | |
r-patched-solaris-x86 | 2.18.0 | 108.80 | OK | |||
r-release-linux-x86_64 | 2.18.0 | 5.14 | 90.58 | 95.72 | OK | |
r-release-macos-x86_64 | 2.18.0 | OK | ||||
r-release-windows-ix86+x86_64 | 2.18.0 | 9.00 | 114.00 | 123.00 | OK | |
r-oldrel-macos-x86_64 | 2.18.0 | OK | ||||
r-oldrel-windows-ix86+x86_64 | 2.18.0 | 9.00 | 98.00 | 107.00 | OK |
Version: 2.18.0
Check: Rd cross-references
Result: NOTE
Undeclared package ‘reshape’ in Rd xrefs
Flavor: r-devel-linux-x86_64-fedora-clang