CRAN Package Check Results for Package gdpc

Last updated on 2022-08-16 05:53:59 CEST.

Flavor Version Tinstall Tcheck Ttotal Status Flags
r-devel-linux-x86_64-debian-clang 1.1.2 35.64 57.75 93.39 WARN
r-devel-linux-x86_64-debian-gcc 1.1.2 34.32 44.58 78.90 OK
r-devel-linux-x86_64-fedora-clang 1.1.2 140.09 WARN
r-devel-linux-x86_64-fedora-gcc 1.1.2 133.00 OK
r-devel-windows-x86_64 1.1.2 38.00 146.00 184.00 OK
r-patched-linux-x86_64 1.1.2 33.67 55.59 89.26 OK
r-release-linux-x86_64 1.1.2 33.84 55.92 89.76 OK
r-release-macos-arm64 1.1.2 45.00 OK
r-release-macos-x86_64 1.1.2 58.00 OK
r-release-windows-x86_64 1.1.2 35.00 149.00 184.00 OK
r-oldrel-macos-arm64 1.1.2 60.00 OK
r-oldrel-macos-x86_64 1.1.2 85.00 OK
r-oldrel-windows-ix86+x86_64 1.1.2 95.00 146.00 241.00 OK

Additional issues

clang14

Check Details

Version: 1.1.2
Check: whether package can be installed
Result: WARN
    Found the following significant warnings:
     gdpc_auxfunc.cpp:79:11: warning: use of bitwise '&' with boolean operands [-Wbitwise-instead-of-logical]
Flavors: r-devel-linux-x86_64-debian-clang, r-devel-linux-x86_64-fedora-clang