CRAN Package Check Results for Package geckor

Last updated on 2022-01-21 05:52:10 CET.

Flavor Version Tinstall Tcheck Ttotal Status Flags
r-devel-linux-x86_64-debian-clang 0.2.0 OK
r-devel-linux-x86_64-debian-gcc 0.2.0 2.28 60.93 63.21 OK
r-devel-linux-x86_64-fedora-clang 0.2.0 102.22 NOTE
r-devel-linux-x86_64-fedora-gcc 0.2.0 88.61 NOTE
r-devel-windows-x86_64-new-UL 0.2.0 45.00 328.00 373.00 OK
r-devel-windows-x86_64-new-TK 0.2.0 NOTE
r-patched-linux-x86_64 0.2.0 2.96 79.90 82.86 OK
r-release-linux-x86_64 0.2.0 2.93 79.99 82.92 OK
r-release-macos-arm64 0.2.0 NOTE
r-release-macos-x86_64 0.2.0 NOTE
r-release-windows-ix86+x86_64 0.2.0 7.00 287.00 294.00 OK
r-oldrel-macos-x86_64 0.2.0 NOTE
r-oldrel-windows-ix86+x86_64 0.2.0 7.00 294.00 301.00 OK

Check Details

Version: 0.2.0
Check: dependencies in R code
Result: NOTE
    Namespaces in Imports field not imported from:
     ‘knitr’ ‘lifecycle’
     All declared Imports should be used.
Flavors: r-devel-linux-x86_64-fedora-clang, r-devel-linux-x86_64-fedora-gcc, r-devel-windows-x86_64-new-TK, r-release-macos-arm64, r-release-macos-x86_64, r-oldrel-macos-x86_64