CRAN Package Check Results for Package genepop

Last updated on 2020-05-30 05:48:03 CEST.

Flavor Version Tinstall Tcheck Ttotal Status Flags
r-devel-linux-x86_64-debian-clang 1.1.7 144.94 49.73 194.67 OK
r-devel-linux-x86_64-debian-gcc 1.1.7 117.93 31.28 149.21 OK
r-devel-linux-x86_64-fedora-clang 1.1.7 270.69 NOTE
r-devel-linux-x86_64-fedora-gcc 1.1.7 244.64 OK
r-devel-windows-ix86+x86_64 1.1.7 329.00 117.00 446.00 NOTE
r-patched-linux-x86_64 1.1.7 119.11 39.27 158.38 OK
r-patched-solaris-x86 1.1.7 221.50 OK
r-release-linux-x86_64 1.1.7 119.41 39.57 158.98 OK
r-release-osx-x86_64 1.1.7 NOTE
r-release-windows-ix86+x86_64 1.1.7 249.00 110.00 359.00 NOTE
r-oldrel-osx-x86_64 1.1.7 NOTE
r-oldrel-windows-ix86+x86_64 1.1.7 319.00 92.00 411.00 OK

Check Details

Version: 1.1.7
Check: installed package size
Result: NOTE
     installed size is 13.9Mb
     sub-directories of 1Mb or more:
     doc 1.0Mb
     libs 11.8Mb
Flavors: r-devel-linux-x86_64-fedora-clang, r-devel-windows-ix86+x86_64, r-release-osx-x86_64, r-release-windows-ix86+x86_64, r-oldrel-osx-x86_64