CRAN Package Check Results for Package genepop

Last updated on 2019-10-19 05:47:20 CEST.

Flavor Version Tinstall Tcheck Ttotal Status Flags
r-devel-linux-x86_64-debian-clang 1.1.3 134.92 48.50 183.42 OK
r-devel-linux-x86_64-debian-gcc 1.1.3 99.08 30.75 129.83 OK
r-devel-linux-x86_64-fedora-clang 1.1.3 252.70 NOTE
r-devel-linux-x86_64-fedora-gcc 1.1.3 241.87 OK
r-devel-windows-ix86+x86_64 1.1.3 322.00 79.00 401.00 OK
r-patched-linux-x86_64 1.1.3 110.93 37.08 148.01 OK
r-patched-solaris-x86 1.1.3 214.80 OK
r-release-linux-x86_64 1.1.3 108.95 37.22 146.17 OK
r-release-windows-ix86+x86_64 1.1.3 254.00 103.00 357.00 OK
r-release-osx-x86_64 1.1.3 NOTE
r-oldrel-windows-ix86+x86_64 1.1.3 229.00 82.00 311.00 OK
r-oldrel-osx-x86_64 1.1.3 NOTE

Check Details

Version: 1.1.3
Check: installed package size
Result: NOTE
     installed size is 12.5Mb
     sub-directories of 1Mb or more:
     libs 10.5Mb
Flavors: r-devel-linux-x86_64-fedora-clang, r-release-osx-x86_64, r-oldrel-osx-x86_64