CRAN Package Check Results for Package generics

Last updated on 2022-01-23 05:57:52 CET.

Flavor Version Tinstall Tcheck Ttotal Status Flags
r-devel-linux-x86_64-debian-clang 0.1.1 2.21 44.35 46.56 OK
r-devel-linux-x86_64-debian-gcc 0.1.1 1.95 37.70 39.65 OK
r-devel-linux-x86_64-fedora-clang 0.1.1 57.37 NOTE
r-devel-linux-x86_64-fedora-gcc 0.1.1 46.54 OK
r-devel-windows-x86_64-new-UL 0.1.1 159.00 65.00 224.00 OK
r-devel-windows-x86_64-new-TK 0.1.1 OK
r-patched-linux-x86_64 0.1.1 2.84 42.33 45.17 OK
r-release-linux-x86_64 0.1.1 2.11 42.50 44.61 OK
r-release-macos-arm64 0.1.1 OK
r-release-macos-x86_64 0.1.1 OK
r-release-windows-ix86+x86_64 0.1.1 6.00 54.00 60.00 OK
r-oldrel-macos-x86_64 0.1.1 OK
r-oldrel-windows-ix86+x86_64 0.1.1 6.00 55.00 61.00 OK

Check Details

Version: 0.1.1
Check: Rd cross-references
Result: NOTE
    Undeclared package ‘tune’ in Rd xrefs
Flavor: r-devel-linux-x86_64-fedora-clang