CRAN Package Check Results for Package genetics

Last updated on 2019-06-19 05:48:06 CEST.

Flavor Version Tinstall Tcheck Ttotal Status Flags
r-devel-linux-x86_64-debian-clang 1.3.8.1.2 5.61 62.06 67.67 NOTE
r-devel-linux-x86_64-debian-gcc 1.3.8.1.2 4.22 47.31 51.53 NOTE
r-devel-linux-x86_64-fedora-clang 1.3.8.1.2 77.49 NOTE
r-devel-linux-x86_64-fedora-gcc 1.3.8.1.2 73.31 NOTE
r-devel-windows-ix86+x86_64 1.3.8.1.2 30.00 89.00 119.00 OK
r-patched-linux-x86_64 1.3.8.1.2 5.90 60.53 66.43 NOTE
r-patched-solaris-x86 1.3.8.1.2 95.60 NOTE
r-release-linux-x86_64 1.3.8.1.2 6.25 60.61 66.86 NOTE
r-release-windows-ix86+x86_64 1.3.8.1.2 18.00 78.00 96.00 OK
r-release-osx-x86_64 1.3.8.1.2 NOTE
r-oldrel-windows-ix86+x86_64 1.3.8.1.2 8.00 95.00 103.00 OK
r-oldrel-osx-x86_64 1.3.8.1.2 NOTE

Check Details

Version: 1.3.8.1.2
Check: Rd cross-references
Result: NOTE
    Package unavailable to check Rd xrefs: 'GeneticsDesign'
Flavors: r-devel-linux-x86_64-debian-clang, r-devel-linux-x86_64-debian-gcc, r-devel-linux-x86_64-fedora-clang, r-devel-linux-x86_64-fedora-gcc, r-patched-linux-x86_64, r-patched-solaris-x86, r-release-linux-x86_64, r-release-osx-x86_64, r-oldrel-osx-x86_64

Version: 1.3.8.1.2
Check: Rd \usage sections
Result: NOTE
    S3 methods shown with full name in documentation object 'diseq':
     ‘diseq.ci’
    
    The \usage entries for S3 methods should use the \method markup and not
    their full name.
    See chapter ‘Writing R documentation files’ in the ‘Writing R
    Extensions’ manual.
Flavor: r-oldrel-osx-x86_64